Last updated on 2025-05-04 03:50:54 CEST.
Flavor | Version | Tinstall | Tcheck | Ttotal | Status | Flags |
---|---|---|---|---|---|---|
r-devel-linux-x86_64-debian-clang | 0.7.5 | 15.21 | 132.50 | 147.71 | NOTE | |
r-devel-linux-x86_64-debian-gcc | 0.7.5 | 10.84 | 91.13 | 101.97 | NOTE | |
r-devel-linux-x86_64-fedora-clang | 0.7.5 | 240.14 | OK | |||
r-devel-linux-x86_64-fedora-gcc | 0.7.5 | 237.40 | OK | |||
r-devel-windows-x86_64 | 0.7.5 | 16.00 | 131.00 | 147.00 | OK | |
r-patched-linux-x86_64 | 0.7.5 | 12.09 | 126.54 | 138.63 | OK | |
r-release-linux-x86_64 | OK | |||||
r-release-macos-arm64 | 0.7.5 | 55.00 | OK | |||
r-release-macos-x86_64 | 0.7.5 | 107.00 | OK | |||
r-release-windows-x86_64 | 0.7.5 | 16.00 | 131.00 | 147.00 | OK | |
r-oldrel-macos-arm64 | 0.7.5 | 58.00 | OK | |||
r-oldrel-macos-x86_64 | 0.7.5 | 94.00 | OK | |||
r-oldrel-windows-x86_64 | 0.7.5 | 22.00 | 171.00 | 193.00 | OK |
Version: 0.7.5
Check: CRAN incoming feasibility
Result: NOTE
Maintainer: ‘Friedemann von Lampe <fvonlampe@uni-goettingen.de>’
No Authors@R field in DESCRIPTION.
Please add one, modifying
Authors@R: c(person(given = "Friedemann",
family = "von Lampe",
role = c("aut", "cre"),
email = "fvonlampe@uni-goettingen.de"),
person(given = "Jenny",
family = "Schellenberg",
role = "aut"))
as necessary.
Flavors: r-devel-linux-x86_64-debian-clang, r-devel-linux-x86_64-debian-gcc