CRAN Package Check Results for Package gofedf

Last updated on 2025-05-07 03:51:01 CEST.

Flavor Version Tinstall Tcheck Ttotal Status Flags
r-devel-linux-x86_64-debian-clang 0.1.0 2.79 29.75 32.54 NOTE
r-devel-linux-x86_64-debian-gcc 0.1.0 2.17 23.41 25.58 NOTE
r-devel-linux-x86_64-fedora-clang 0.1.0 50.57 OK
r-devel-linux-x86_64-fedora-gcc 0.1.0 66.28 OK
r-devel-windows-x86_64 0.1.0 3.00 52.00 55.00 NOTE
r-patched-linux-x86_64 0.1.0 2.97 27.90 30.87 NOTE
r-release-linux-x86_64 0.1.0 2.11 27.72 29.83 NOTE
r-release-macos-arm64 0.1.0 24.00 OK
r-release-macos-x86_64 0.1.0 44.00 OK
r-release-windows-x86_64 0.1.0 4.00 53.00 57.00 NOTE
r-oldrel-macos-arm64 0.1.0 23.00 OK
r-oldrel-macos-x86_64 0.1.0 35.00 OK
r-oldrel-windows-x86_64 0.1.0 5.00 59.00 64.00 OK

Check Details

Version: 0.1.0
Check: Rd cross-references
Result: NOTE Found the following Rd file(s) with Rd \link{} targets missing package anchors: glmMLE.Rd: glm2 testGLMGamma.Rd: glm2 Please provide package anchors for all Rd \link{} targets not in the package itself and the base packages. Flavors: r-devel-linux-x86_64-debian-clang, r-devel-linux-x86_64-debian-gcc, r-devel-windows-x86_64, r-patched-linux-x86_64, r-release-linux-x86_64, r-release-windows-x86_64