Last updated on 2025-05-07 03:51:01 CEST.
Flavor | Version | Tinstall | Tcheck | Ttotal | Status | Flags |
---|---|---|---|---|---|---|
r-devel-linux-x86_64-debian-clang | 0.1.2 | 27.47 | 100.09 | 127.56 | NOTE | |
r-devel-linux-x86_64-debian-gcc | 0.1.2 | 20.14 | 74.98 | 95.12 | NOTE | |
r-devel-linux-x86_64-fedora-clang | 0.1.2 | 228.53 | OK | |||
r-devel-linux-x86_64-fedora-gcc | 0.1.2 | 223.49 | OK | |||
r-devel-windows-x86_64 | 0.1.2 | 34.00 | 130.00 | 164.00 | OK | |
r-patched-linux-x86_64 | 0.1.2 | 27.61 | 99.59 | 127.20 | OK | |
r-release-linux-x86_64 | 0.1.2 | 24.85 | 97.86 | 122.71 | OK | |
r-release-macos-arm64 | 0.1.2 | 68.00 | OK | |||
r-release-macos-x86_64 | 0.1.2 | 110.00 | OK | |||
r-release-windows-x86_64 | 0.1.2 | 33.00 | 124.00 | 157.00 | OK | |
r-oldrel-macos-arm64 | 0.1.2 | 58.00 | OK | |||
r-oldrel-macos-x86_64 | 0.1.2 | 88.00 | OK | |||
r-oldrel-windows-x86_64 | 0.1.2 | 41.00 | 164.00 | 205.00 | OK |
Version: 0.1.2
Check: CRAN incoming feasibility
Result: NOTE
Maintainer: ‘Eduardo García-Portugués <edgarcia@est-econ.uc3m.es>’
The BugReports field in DESCRIPTION has
https://github.com/egarpor/goffda
which should likely be
https://github.com/egarpor/goffda/issues
instead.
Flavors: r-devel-linux-x86_64-debian-clang, r-devel-linux-x86_64-debian-gcc