CRAN Package Check Results for Package graphTweets

Last updated on 2025-05-06 03:51:04 CEST.

Flavor Version Tinstall Tcheck Ttotal Status Flags
r-devel-linux-x86_64-debian-clang 0.5.3 4.24 43.68 47.92 NOTE
r-devel-linux-x86_64-debian-gcc 0.5.3 2.70 32.45 35.15 NOTE
r-devel-linux-x86_64-fedora-clang 0.5.3 73.68 NOTE
r-devel-linux-x86_64-fedora-gcc 0.5.3 71.69 NOTE
r-devel-windows-x86_64 0.5.3 5.00 62.00 67.00 NOTE
r-patched-linux-x86_64 0.5.3 3.60 40.52 44.12 NOTE
r-release-linux-x86_64 0.5.3 4.15 39.13 43.28 NOTE
r-release-macos-arm64 0.5.3 23.00 OK
r-release-macos-x86_64 0.5.3 44.00 OK
r-release-windows-x86_64 0.5.3 7.00 54.00 61.00 OK
r-oldrel-macos-arm64 0.5.3 24.00 OK
r-oldrel-macos-x86_64 0.5.3 34.00 OK
r-oldrel-windows-x86_64 0.5.3 7.00 61.00 68.00 OK

Check Details

Version: 0.5.3
Check: Rd cross-references
Result: NOTE Unknown package ‘rtweet’ in Rd xrefs Flavors: r-devel-linux-x86_64-debian-clang, r-devel-linux-x86_64-debian-gcc, r-devel-linux-x86_64-fedora-clang, r-devel-linux-x86_64-fedora-gcc, r-devel-windows-x86_64, r-patched-linux-x86_64, r-release-linux-x86_64

Version: 0.5.3
Check: dependencies in R code
Result: NOTE Namespace in Imports field not imported from: ‘utils’ All declared Imports should be used. Flavors: r-devel-linux-x86_64-fedora-clang, r-devel-linux-x86_64-fedora-gcc