CRAN Package Check Results for Package groupICA

Last updated on 2025-05-06 03:51:04 CEST.

Flavor Version Tinstall Tcheck Ttotal Status Flags
r-devel-linux-x86_64-debian-clang 0.1.1 1.81 21.15 22.96 NOTE
r-devel-linux-x86_64-debian-gcc 0.1.1 1.47 17.10 18.57 NOTE
r-devel-linux-x86_64-fedora-clang 0.1.1 36.53 OK
r-devel-linux-x86_64-fedora-gcc 0.1.1 34.30 OK
r-devel-windows-x86_64 0.1.1 3.00 41.00 44.00 OK
r-patched-linux-x86_64 0.1.1 1.89 20.62 22.51 OK
r-release-linux-x86_64 0.1.1 1.83 20.51 22.34 OK
r-release-macos-arm64 0.1.1 18.00 OK
r-release-macos-x86_64 0.1.1 25.00 OK
r-release-windows-x86_64 0.1.1 3.00 42.00 45.00 OK
r-oldrel-macos-arm64 0.1.1 14.00 NOTE
r-oldrel-macos-x86_64 0.1.1 22.00 NOTE
r-oldrel-windows-x86_64 0.1.1 3.00 46.00 49.00 NOTE

Check Details

Version: 0.1.1
Check: CRAN incoming feasibility
Result: NOTE Maintainer: ‘Niklas Pfister <pfister@stat.math.ethz.ch>’ No Authors@R field in DESCRIPTION. Please add one, modifying Authors@R: c(person(given = "Niklas", family = "Pfister", role = c("aut", "cre"), email = "pfister@stat.math.ethz.ch"), person(given = "Sebastian", family = "Weichwald", role = "aut")) as necessary. Flavors: r-devel-linux-x86_64-debian-clang, r-devel-linux-x86_64-debian-gcc

Version: 0.1.1
Check: LazyData
Result: NOTE 'LazyData' is specified without a 'data' directory Flavors: r-oldrel-macos-arm64, r-oldrel-macos-x86_64, r-oldrel-windows-x86_64