Last updated on 2025-10-31 02:50:32 CET.
| Flavor | Version | Tinstall | Tcheck | Ttotal | Status | Flags | 
|---|---|---|---|---|---|---|
| r-devel-linux-x86_64-debian-clang | 1.0.2 | 26.33 | 62.25 | 88.58 | NOTE | |
| r-devel-linux-x86_64-debian-gcc | 1.0.2 | 21.43 | 45.78 | 67.21 | NOTE | |
| r-devel-linux-x86_64-fedora-clang | 1.0.2 | 123.00 | 30.20 | 153.20 | OK | |
| r-devel-linux-x86_64-fedora-gcc | 1.0.2 | 66.00 | 74.22 | 140.22 | OK | |
| r-devel-windows-x86_64 | 1.0.2 | 30.00 | 87.00 | 117.00 | OK | |
| r-patched-linux-x86_64 | 1.0.2 | 29.52 | 59.24 | 88.76 | OK | |
| r-release-linux-x86_64 | 1.0.2 | 28.88 | 58.34 | 87.22 | OK | |
| r-release-macos-arm64 | 1.0.2 | 11.00 | 33.00 | 44.00 | OK | |
| r-release-macos-x86_64 | 1.0.2 | 24.00 | 59.00 | 83.00 | OK | |
| r-release-windows-x86_64 | 1.0.2 | 32.00 | 89.00 | 121.00 | OK | |
| r-oldrel-macos-arm64 | 1.0.2 | 13.00 | 27.00 | 40.00 | OK | |
| r-oldrel-macos-x86_64 | 1.0.2 | 31.00 | 68.00 | 99.00 | OK | |
| r-oldrel-windows-x86_64 | 1.0.2 | 38.00 | 114.00 | 152.00 | OK | 
Version: 1.0.2
Check: CRAN incoming feasibility
Result: NOTE
  Maintainer: ‘Xuan Dang <xuandang11289@gmail.com>’
  
  No Authors@R field in DESCRIPTION.
  Please add one, modifying
    Authors@R: person(given = "Xuan",
                      family = "Dang",
                      role = c("aut", "cre"),
                      email = "xuandang11289@gmail.com")
  as necessary.
Flavors: r-devel-linux-x86_64-debian-clang, r-devel-linux-x86_64-debian-gcc