Last updated on 2025-05-06 03:51:04 CEST.
Flavor | Version | Tinstall | Tcheck | Ttotal | Status | Flags |
---|---|---|---|---|---|---|
r-devel-linux-x86_64-debian-clang | 1.0.0 | 6.64 | 69.56 | 76.20 | NOTE | |
r-devel-linux-x86_64-debian-gcc | 1.0.0 | 4.65 | 53.51 | 58.16 | NOTE | |
r-devel-linux-x86_64-fedora-clang | 1.0.0 | 117.32 | NOTE | |||
r-devel-linux-x86_64-fedora-gcc | 1.0.0 | 126.50 | NOTE | |||
r-devel-windows-x86_64 | 1.0.0 | 8.00 | 82.00 | 90.00 | NOTE | |
r-patched-linux-x86_64 | 1.0.0 | 6.25 | 66.60 | 72.85 | NOTE | |
r-release-linux-x86_64 | 1.0.0 | 6.55 | 66.08 | 72.63 | NOTE | |
r-release-macos-arm64 | 1.0.0 | 64.00 | NOTE | |||
r-release-macos-x86_64 | 1.0.0 | 78.00 | NOTE | |||
r-release-windows-x86_64 | 1.0.0 | 7.00 | 82.00 | 89.00 | NOTE | |
r-oldrel-macos-arm64 | 1.0.0 | 42.00 | NOTE | |||
r-oldrel-macos-x86_64 | 1.0.0 | 61.00 | NOTE | |||
r-oldrel-windows-x86_64 | 1.0.0 | 10.00 | 96.00 | 106.00 | NOTE |
Version: 1.0.0
Check: Rd files
Result: NOTE
checkRd: (-1) PLSSVD.Rd:24: Lost braces; missing escapes or markup?
24 | The number of low-dimension (k < {N, M, L}, Default: .minDim(X, Y))
| ^
checkRd: (-1) guidedPLS.Rd:33: Lost braces; missing escapes or markup?
33 | The number of low-dimension (k < {N, M, L, O}, Default: .minDim(X1, X2, Y1, Y2))
| ^
checkRd: (-1) sPLSDA.Rd:24: Lost braces; missing escapes or markup?
24 | The number of low-dimension (k < {N, M, L}, Default: .minDim(X, Y))
| ^
Flavors: r-devel-linux-x86_64-debian-clang, r-devel-linux-x86_64-debian-gcc, r-devel-linux-x86_64-fedora-clang, r-devel-linux-x86_64-fedora-gcc, r-devel-windows-x86_64, r-patched-linux-x86_64, r-release-linux-x86_64, r-release-macos-arm64, r-release-macos-x86_64, r-release-windows-x86_64, r-oldrel-macos-arm64, r-oldrel-macos-x86_64, r-oldrel-windows-x86_64