Last updated on 2025-05-04 03:50:55 CEST.
Flavor | Version | Tinstall | Tcheck | Ttotal | Status | Flags |
---|---|---|---|---|---|---|
r-devel-linux-x86_64-debian-clang | 1.0.0 | 1.73 | 16.69 | 18.42 | NOTE | |
r-devel-linux-x86_64-debian-gcc | 1.0.0 | 1.41 | 14.55 | 15.96 | NOTE | |
r-devel-linux-x86_64-fedora-clang | 1.0.0 | 28.46 | NOTE | |||
r-devel-linux-x86_64-fedora-gcc | 1.0.0 | 27.84 | NOTE | |||
r-devel-windows-x86_64 | 1.0.0 | 3.00 | 38.00 | 41.00 | OK | |
r-patched-linux-x86_64 | 1.0.0 | 1.55 | 16.74 | 18.29 | OK | |
r-release-linux-x86_64 | OK | |||||
r-release-macos-arm64 | 1.0.0 | 15.00 | OK | |||
r-release-macos-x86_64 | 1.0.0 | 22.00 | OK | |||
r-release-windows-x86_64 | 1.0.0 | 4.00 | 42.00 | 46.00 | OK | |
r-oldrel-macos-arm64 | 1.0.0 | 14.00 | OK | |||
r-oldrel-macos-x86_64 | 1.0.0 | 23.00 | OK | |||
r-oldrel-windows-x86_64 | 1.0.0 | 2.00 | 39.00 | 41.00 | OK |
Version: 1.0.0
Check: CRAN incoming feasibility
Result: NOTE
Maintainer: ‘Ricardo Wurmus <ricardo.wurmus@mdc-berlin.de>’
No Authors@R field in DESCRIPTION.
Please add one, modifying
Authors@R: person(given = "Ricardo",
family = "Wurmus",
role = c("aut", "cre"),
email = "ricardo.wurmus@mdc-berlin.de")
as necessary.
Flavors: r-devel-linux-x86_64-debian-clang, r-devel-linux-x86_64-debian-gcc
Version: 1.0.0
Check: dependencies in R code
Result: NOTE
Namespace in Imports field not imported from: ‘RUnit’
All declared Imports should be used.
Flavors: r-devel-linux-x86_64-fedora-clang, r-devel-linux-x86_64-fedora-gcc