CRAN Package Check Results for Package gvlma

Last updated on 2025-05-04 03:50:55 CEST.

Flavor Version Tinstall Tcheck Ttotal Status Flags
r-devel-linux-x86_64-debian-clang 1.0.0.3 2.28 26.43 28.71 NOTE
r-devel-linux-x86_64-debian-gcc 1.0.0.3 1.64 21.18 22.82 NOTE
r-devel-linux-x86_64-fedora-clang 1.0.0.3 45.03 OK
r-devel-linux-x86_64-fedora-gcc 1.0.0.3 43.12 OK
r-devel-windows-x86_64 1.0.0.3 4.00 51.00 55.00 OK
r-patched-linux-x86_64 1.0.0.3 2.53 25.60 28.13 OK
r-release-linux-x86_64 OK
r-release-macos-arm64 1.0.0.3 20.00 OK
r-release-macos-x86_64 1.0.0.3 33.00 OK
r-release-windows-x86_64 1.0.0.3 4.00 54.00 58.00 OK
r-oldrel-macos-arm64 1.0.0.3 18.00 OK
r-oldrel-macos-x86_64 1.0.0.3 25.00 OK
r-oldrel-windows-x86_64 1.0.0.3 3.00 49.00 52.00 OK

Check Details

Version: 1.0.0.3
Check: CRAN incoming feasibility
Result: NOTE Maintainer: ‘Elizabeth Slate <slate@stat.fsu.edu>’ No Authors@R field in DESCRIPTION. Please add one, modifying Authors@R: c(person(given = c("Edsel", "A."), family = "Pena", role = "aut", email = "pena@stat.sc.edu"), person(given = c("Elizabeth", "H."), family = "Slate", role = "aut", email = "eslate@fsu.edu"), person(given = "Elizabeth", family = "Slate", role = "cre", email = "slate@stat.fsu.edu")) as necessary. Flavors: r-devel-linux-x86_64-debian-clang, r-devel-linux-x86_64-debian-gcc