CRAN Package Check Results for Package hapassoc

Last updated on 2025-05-04 03:50:55 CEST.

Flavor Version Tinstall Tcheck Ttotal Status Flags
r-devel-linux-x86_64-debian-clang 1.2-9 4.43 34.73 39.16 NOTE
r-devel-linux-x86_64-debian-gcc 1.2-9 2.93 26.42 29.35 NOTE
r-devel-linux-x86_64-fedora-clang 1.2-9 61.07 OK
r-devel-linux-x86_64-fedora-gcc 1.2-9 72.09 OK
r-devel-windows-x86_64 1.2-9 6.00 72.00 78.00 OK
r-patched-linux-x86_64 1.2-9 4.44 33.08 37.52 OK
r-release-linux-x86_64 OK
r-release-macos-arm64 1.2-9 29.00 OK
r-release-macos-x86_64 1.2-9 56.00 OK
r-release-windows-x86_64 1.2-9 8.00 80.00 88.00 OK
r-oldrel-macos-arm64 1.2-9 28.00 OK
r-oldrel-macos-x86_64 1.2-9 43.00 OK
r-oldrel-windows-x86_64 1.2-9 6.00 71.00 77.00 OK

Check Details

Version: 1.2-9
Check: CRAN incoming feasibility
Result: NOTE Maintainer: ‘K. Burkett <kburkett@uottawa.ca>’ No Authors@R field in DESCRIPTION. Please add one, modifying Authors@R: c(person(given = "K.", family = "Burkett", role = c("aut", "cre"), email = "kburkett@uottawa.ca"), person(given = "B.", family = "McNeney", role = "aut", email = "mcneney@sfu.ca"), person(given = "J.", family = "Graham", role = "aut", email = "jgraham@stat.sfu.ca"), person(given = c("with", "code", "for", "case-control", "data", "contributed", "by", "Zhijian"), family = "Chen", role = "aut", email = "z11chen@math.uwaterloo.ca")) as necessary. Package CITATION file contains call(s) to old-style personList() or as.personList(). Please use c() on person objects instead. Package CITATION file contains call(s) to old-style citEntry(). Please use bibentry() instead. Flavors: r-devel-linux-x86_64-debian-clang, r-devel-linux-x86_64-debian-gcc