Last updated on 2025-05-06 03:51:04 CEST.
Flavor | Version | Tinstall | Tcheck | Ttotal | Status | Flags |
---|---|---|---|---|---|---|
r-devel-linux-x86_64-debian-clang | 0.1 | 1.75 | 44.62 | 46.37 | NOTE | |
r-devel-linux-x86_64-debian-gcc | 0.1 | 1.39 | 30.66 | 32.05 | NOTE | |
r-devel-linux-x86_64-fedora-clang | 0.1 | 76.12 | OK | |||
r-devel-linux-x86_64-fedora-gcc | 0.1 | 88.40 | OK | |||
r-devel-windows-x86_64 | 0.1 | 3.00 | 59.00 | 62.00 | OK | |
r-patched-linux-x86_64 | 0.1 | 1.56 | 42.39 | 43.95 | OK | |
r-release-linux-x86_64 | 0.1 | 1.33 | 41.00 | 42.33 | OK | |
r-release-macos-arm64 | 0.1 | 28.00 | OK | |||
r-release-macos-x86_64 | 0.1 | 58.00 | OK | |||
r-release-windows-x86_64 | 0.1 | 3.00 | 61.00 | 64.00 | OK | |
r-oldrel-macos-arm64 | 0.1 | 27.00 | OK | |||
r-oldrel-macos-x86_64 | 0.1 | 44.00 | OK | |||
r-oldrel-windows-x86_64 | 0.1 | 3.00 | 70.00 | 73.00 | OK |
Version: 0.1
Check: CRAN incoming feasibility
Result: NOTE
Maintainer: ‘Gaston Quero <gastonquero@gmail.com>’
No Authors@R field in DESCRIPTION.
Please add one, modifying
Authors@R: c(person(given = "Sebastian",
family = "Simondi",
role = "aut",
email = "sebastian.simondi@gmail.com"),
person(given = "Gaston",
family = "Quero",
role = c("aut", "cre"),
email = "gastonquero@gmail.com"),
person(given = c("with", "contributions", "from", "Victoria"),
family = "Bonnecarrere",
role = "aut"),
person(given = "Lucia",
family = "Gutierrez",
role = "aut"))
as necessary.
Flavors: r-devel-linux-x86_64-debian-clang, r-devel-linux-x86_64-debian-gcc