Last updated on 2025-05-04 03:50:55 CEST.
Flavor | Version | Tinstall | Tcheck | Ttotal | Status | Flags |
---|---|---|---|---|---|---|
r-devel-linux-x86_64-debian-clang | 0.0-4 | 25.13 | 21.70 | 46.83 | NOTE | |
r-devel-linux-x86_64-debian-gcc | 0.0-4 | 17.68 | 17.59 | 35.27 | NOTE | |
r-devel-linux-x86_64-fedora-clang | 0.0-4 | 83.93 | NOTE | |||
r-devel-linux-x86_64-fedora-gcc | 0.0-4 | 85.33 | NOTE | |||
r-devel-windows-x86_64 | 0.0-4 | 32.00 | 69.00 | 101.00 | OK | |
r-patched-linux-x86_64 | 0.0-4 | 24.53 | 20.96 | 45.49 | OK | |
r-release-linux-x86_64 | OK | |||||
r-release-macos-arm64 | 0.0-4 | 26.00 | OK | |||
r-release-macos-x86_64 | 0.0-4 | 52.00 | OK | |||
r-release-windows-x86_64 | 0.0-4 | 31.00 | 63.00 | 94.00 | OK | |
r-oldrel-macos-arm64 | 0.0-4 | 24.00 | OK | |||
r-oldrel-macos-x86_64 | 0.0-4 | 34.00 | OK | |||
r-oldrel-windows-x86_64 | 0.0-4 | 36.00 | 72.00 | 108.00 | OK |
Version: 0.0-4
Check: CRAN incoming feasibility
Result: NOTE
Maintainer: ‘Riadh Zaatour <zaatour_riadh@yahoo.fr>’
No Authors@R field in DESCRIPTION.
Please add one, modifying
Authors@R: person(given = "Riadh",
family = "Zaatour",
role = c("aut", "cre"),
email = "zaatour_riadh@yahoo.fr")
as necessary.
Flavors: r-devel-linux-x86_64-debian-clang, r-devel-linux-x86_64-debian-gcc
Version: 0.0-4
Check: compiled code
Result: NOTE
File ‘hawkes/libs/hawkes.so’:
Found no calls to: ‘R_registerRoutines’, ‘R_useDynamicSymbols’
It is good practice to register native routines and to disable symbol
search.
See ‘Writing portable packages’ in the ‘Writing R Extensions’ manual.
Flavors: r-devel-linux-x86_64-fedora-clang, r-devel-linux-x86_64-fedora-gcc