Last updated on 2025-05-07 03:51:02 CEST.
Flavor | Version | Tinstall | Tcheck | Ttotal | Status | Flags |
---|---|---|---|---|---|---|
r-devel-linux-x86_64-debian-clang | 1.2.12 | 34.57 | 94.59 | 129.16 | NOTE | |
r-devel-linux-x86_64-debian-gcc | 1.2.12 | 26.24 | 71.15 | 97.39 | NOTE | |
r-devel-linux-x86_64-fedora-clang | 1.2.12 | 204.63 | OK | |||
r-devel-linux-x86_64-fedora-gcc | 1.2.12 | 213.81 | OK | |||
r-devel-windows-x86_64 | 1.2.12 | 38.00 | 116.00 | 154.00 | NOTE | |
r-patched-linux-x86_64 | 1.2.12 | 33.53 | 91.40 | 124.93 | NOTE | |
r-release-linux-x86_64 | 1.2.12 | 33.82 | 89.47 | 123.29 | NOTE | |
r-release-macos-arm64 | 1.2.12 | 63.00 | OK | |||
r-release-macos-x86_64 | 1.2.12 | 107.00 | OK | |||
r-release-windows-x86_64 | 1.2.12 | 36.00 | 115.00 | 151.00 | NOTE | |
r-oldrel-macos-arm64 | 1.2.12 | 59.00 | NOTE | |||
r-oldrel-macos-x86_64 | 1.2.12 | 88.00 | NOTE | |||
r-oldrel-windows-x86_64 | 1.2.12 | 47.00 | 144.00 | 191.00 | OK |
Version: 1.2.12
Check: Rd cross-references
Result: NOTE
Found the following Rd file(s) with Rd \link{} targets missing package
anchors:
att.Rd: estimatr
Please provide package anchors for all Rd \link{} targets not in the
package itself and the base packages.
Flavors: r-devel-linux-x86_64-debian-clang, r-devel-linux-x86_64-debian-gcc, r-devel-windows-x86_64, r-patched-linux-x86_64, r-release-linux-x86_64, r-release-windows-x86_64
Version: 1.2.12
Check: installed package size
Result: NOTE
installed size is 9.5Mb
sub-directories of 1Mb or more:
libs 9.2Mb
Flavors: r-oldrel-macos-arm64, r-oldrel-macos-x86_64