CRAN Package Check Results for Package hdpca

Last updated on 2025-07-03 03:49:43 CEST.

Flavor Version Tinstall Tcheck Ttotal Status Flags
r-devel-linux-x86_64-debian-clang 1.1.5 2.07 23.13 25.20 NOTE
r-devel-linux-x86_64-debian-gcc 1.1.5 1.86 18.47 20.33 NOTE
r-devel-linux-x86_64-fedora-clang 1.1.5 37.28 OK
r-devel-linux-x86_64-fedora-gcc 1.1.5 35.14 OK
r-devel-windows-x86_64 1.1.5 3.00 48.00 51.00 OK
r-patched-linux-x86_64 1.1.5 2.57 22.27 24.84 OK
r-release-linux-x86_64 1.1.5 2.26 21.78 24.04 OK
r-release-macos-arm64 1.1.5 18.00 OK
r-release-macos-x86_64 1.1.5 32.00 OK
r-release-windows-x86_64 1.1.5 4.00 50.00 54.00 OK
r-oldrel-macos-arm64 1.1.5 18.00 OK
r-oldrel-macos-x86_64 1.1.5 23.00 OK
r-oldrel-windows-x86_64 1.1.5 4.00 51.00 55.00 OK

Check Details

Version: 1.1.5
Check: CRAN incoming feasibility
Result: NOTE Maintainer: ‘Rounak Dey <deyrnk@umich.edu>’ No Authors@R field in DESCRIPTION. Please add one, modifying Authors@R: c(person(given = "Rounak", family = "Dey", role = c("aut", "cre"), email = "deyrnk@umich.edu"), person(given = "Seunggeun", family = "Lee", role = "aut")) as necessary. Flavors: r-devel-linux-x86_64-debian-clang, r-devel-linux-x86_64-debian-gcc