Last updated on 2025-07-25 03:51:25 CEST.
Flavor | Version | Tinstall | Tcheck | Ttotal | Status | Flags |
---|---|---|---|---|---|---|
r-devel-linux-x86_64-debian-clang | 1.0.1 | 2.61 | 37.22 | 39.83 | NOTE | |
r-devel-linux-x86_64-debian-gcc | 1.0.1 | 1.68 | 29.91 | 31.59 | NOTE | |
r-devel-linux-x86_64-fedora-clang | 1.0.1 | 58.63 | OK | |||
r-devel-linux-x86_64-fedora-gcc | 1.0.1 | 70.45 | OK | |||
r-devel-windows-x86_64 | 1.0.1 | 5.00 | 58.00 | 63.00 | OK | |
r-patched-linux-x86_64 | 1.0.1 | 2.58 | 35.48 | 38.06 | OK | |
r-release-linux-x86_64 | 1.0.1 | 2.65 | 35.51 | 38.16 | OK | |
r-release-macos-arm64 | 1.0.1 | 40.00 | OK | |||
r-release-macos-x86_64 | 1.0.1 | 57.00 | OK | |||
r-release-windows-x86_64 | 1.0.1 | 5.00 | 62.00 | 67.00 | OK | |
r-oldrel-macos-arm64 | 1.0.1 | 30.00 | OK | |||
r-oldrel-macos-x86_64 | 1.0.1 | 45.00 | OK | |||
r-oldrel-windows-x86_64 | 1.0.1 | 5.00 | 64.00 | 69.00 | OK |
Version: 1.0.1
Check: CRAN incoming feasibility
Result: NOTE
Maintainer: ‘Raoul Wadhwa <raoulwadhwa@gmail.com>’
Package CITATION file contains call(s) to old-style citEntry(). Please
use bibentry() instead.
Flavors: r-devel-linux-x86_64-debian-clang, r-devel-linux-x86_64-debian-gcc