Last updated on 2025-05-04 03:50:55 CEST.
Flavor | Version | Tinstall | Tcheck | Ttotal | Status | Flags |
---|---|---|---|---|---|---|
r-devel-linux-x86_64-debian-clang | 1.1.2 | 2.63 | 28.80 | 31.43 | NOTE | |
r-devel-linux-x86_64-debian-gcc | 1.1.2 | 2.23 | 23.50 | 25.73 | NOTE | |
r-devel-linux-x86_64-fedora-clang | 1.1.2 | 49.28 | NOTE | |||
r-devel-linux-x86_64-fedora-gcc | 1.1.2 | 47.72 | NOTE | |||
r-devel-windows-x86_64 | 1.1.2 | 4.00 | 62.00 | 66.00 | NOTE | |
r-patched-linux-x86_64 | 1.1.2 | 2.96 | 27.58 | 30.54 | NOTE | |
r-release-linux-x86_64 | NOTE | |||||
r-release-macos-arm64 | 1.1.2 | 31.00 | NOTE | |||
r-release-macos-x86_64 | 1.1.2 | 41.00 | NOTE | |||
r-release-windows-x86_64 | 1.1.2 | 4.00 | 56.00 | 60.00 | NOTE | |
r-oldrel-macos-arm64 | 1.1.2 | 20.00 | NOTE | |||
r-oldrel-macos-x86_64 | 1.1.2 | 28.00 | NOTE | |||
r-oldrel-windows-x86_64 | 1.1.2 | 5.00 | 61.00 | 66.00 | NOTE |
Version: 1.1.2
Check: CRAN incoming feasibility
Result: NOTE
Maintainer: ‘David Moriña Soler <david.morina@uab.cat>’
No Authors@R field in DESCRIPTION.
Please add one, modifying
Authors@R: c(person(given = "David",
family = "Moriña",
role = c("aut", "cre"),
email = "david.morina@uab.cat"),
person(given = "Manuel",
family = "Higueras",
role = "aut"),
person(given = "Pedro",
family = "Puig",
role = "aut"),
person(given = "María",
family = "Oliveira",
role = "aut"))
as necessary.
Flavors: r-devel-linux-x86_64-debian-clang, r-devel-linux-x86_64-debian-gcc
Version: 1.1.2
Check: Rd files
Result: NOTE
checkRd: (-1) glm.hermite.Rd:46-48: Lost braces in \itemize; \value handles \item{}{} directly
checkRd: (-1) glm.hermite.Rd:49-51: Lost braces in \itemize; \value handles \item{}{} directly
checkRd: (-1) glm.hermite.Rd:52-54: Lost braces in \itemize; \value handles \item{}{} directly
checkRd: (-1) glm.hermite.Rd:55-58: Lost braces in \itemize; \value handles \item{}{} directly
checkRd: (-1) glm.hermite.Rd:59-60: Lost braces in \itemize; \value handles \item{}{} directly
checkRd: (-1) glm.hermite.Rd:61-65: Lost braces in \itemize; \value handles \item{}{} directly
checkRd: (-1) glm.hermite.Rd:66-67: Lost braces in \itemize; \value handles \item{}{} directly
checkRd: (-1) glm.hermite.Rd:68-69: Lost braces in \itemize; \value handles \item{}{} directly
checkRd: (-1) phermite.Rd:38: Lost braces; missing escapes or markup?
38 | {b} and \code{m} to be lower (or greater) than \code{q}.
| ^
Flavors: r-devel-linux-x86_64-debian-clang, r-devel-linux-x86_64-debian-gcc, r-devel-linux-x86_64-fedora-clang, r-devel-linux-x86_64-fedora-gcc, r-devel-windows-x86_64, r-patched-linux-x86_64, r-release-linux-x86_64, r-release-macos-arm64, r-release-macos-x86_64, r-release-windows-x86_64, r-oldrel-macos-arm64, r-oldrel-macos-x86_64, r-oldrel-windows-x86_64