Last updated on 2025-10-31 02:50:33 CET.
| Flavor | Version | Tinstall | Tcheck | Ttotal | Status | Flags | 
|---|---|---|---|---|---|---|
| r-devel-linux-x86_64-debian-clang | 1.23 | 11.04 | 25.05 | 36.09 | NOTE | |
| r-devel-linux-x86_64-debian-gcc | 1.23 | 10.19 | 20.22 | 30.41 | NOTE | |
| r-devel-linux-x86_64-fedora-clang | 1.23 | 29.00 | 24.78 | 53.78 | NOTE | |
| r-devel-linux-x86_64-fedora-gcc | 1.23 | 32.00 | 24.13 | 56.13 | NOTE | |
| r-devel-windows-x86_64 | 1.23 | 20.00 | 47.00 | 67.00 | NOTE | |
| r-patched-linux-x86_64 | 1.23 | 13.69 | 23.92 | 37.61 | NOTE | |
| r-release-linux-x86_64 | 1.23 | 13.35 | 23.60 | 36.95 | NOTE | |
| r-release-macos-arm64 | 1.23 | 6.00 | 15.00 | 21.00 | NOTE | |
| r-release-macos-x86_64 | 1.23 | 8.00 | 28.00 | 36.00 | NOTE | |
| r-release-windows-x86_64 | 1.23 | 27.00 | 48.00 | 75.00 | NOTE | |
| r-oldrel-macos-arm64 | 1.23 | 5.00 | 15.00 | 20.00 | NOTE | |
| r-oldrel-macos-x86_64 | 1.23 | 6.00 | 21.00 | 27.00 | NOTE | |
| r-oldrel-windows-x86_64 | 1.23 | 28.00 | 53.00 | 81.00 | NOTE | 
Version: 1.23
Check: CRAN incoming feasibility
Result: NOTE
  Maintainer: ‘Nobuki Takayama <takayama@math.kobe-u.ac.jp>’
  
  No Authors@R field in DESCRIPTION.
  Please add one, modifying
    Authors@R: c(person(given = "Nobuki",
                        family = "Takayama",
                        role = c("aut", "cre"),
                        email = "takayama@math.kobe-u.ac.jp"),
                 person(given = "Tamio",
                        family = "Koyama",
                        role = "aut"),
                 person(given = "Tomonari",
                        family = "Sei",
                        role = "aut"),
                 person(given = "Hiromasa",
                        family = "Nakayama",
                        role = "aut"),
                 person(given = "Kenta",
                        family = "Nishiyama",
                        role = "aut"))
  as necessary.
Flavors: r-devel-linux-x86_64-debian-clang, r-devel-linux-x86_64-debian-gcc
Version: 1.23
Check: Rd files
Result: NOTE
  checkRd: (-1) hgm.Rhgm.Rd:32: Lost braces; missing escapes or markup?
      32 |          If time = NULL, the set {0,1} is used, and only the final value is returned.
         |                                  ^
  checkRd: (-1) hgm.Rhgm.Rd:48: Lost braces; missing escapes or markup?
      48 |     d G_j / d th_i = (dG.fun(th, G))_{i,j}
         |                                      ^
  checkRd: (-1) hgm.se.hgm.Bingham.Rd:32: Lost braces; missing escapes or markup?
      32 |      If time = NULL, the set {0,1} is used, and only the final value is returned.
         |                              ^
  checkRd: (-1) hgm.so3nc.Rd:22: Lost braces; missing escapes or markup?
      22 |      Theta=diag(theta_{ii}) of the Fisher distribution on SO(3).
         |                       ^
  checkRd: (-1) hgm.so3nc.Rd:24: Lost braces; missing escapes or markup?
      24 |      theta_{11}, theta_{22}, theta_{33} respectively.
         |            ^
  checkRd: (-1) hgm.so3nc.Rd:24: Lost braces; missing escapes or markup?
      24 |      theta_{11}, theta_{22}, theta_{33} respectively.
         |                        ^
  checkRd: (-1) hgm.so3nc.Rd:24: Lost braces; missing escapes or markup?
      24 |      theta_{11}, theta_{22}, theta_{33} respectively.
         |                                    ^
  checkRd: (-1) hgm.so3nc.Rd:54: Lost braces; missing escapes or markup?
      54 | The output is an array of c(Theta) and its derivatives with respect to Theta_{11},Theta_{22},Theta_{33}. It is the vector C of the reference below. When log=1, the output is an array of log of them.
         |                                                                              ^
  checkRd: (-1) hgm.so3nc.Rd:54: Lost braces; missing escapes or markup?
      54 | The output is an array of c(Theta) and its derivatives with respect to Theta_{11},Theta_{22},Theta_{33}. It is the vector C of the reference below. When log=1, the output is an array of log of them.
         |                                                                                         ^
  checkRd: (-1) hgm.so3nc.Rd:54: Lost braces; missing escapes or markup?
      54 | The output is an array of c(Theta) and its derivatives with respect to Theta_{11},Theta_{22},Theta_{33}. It is the vector C of the reference below. When log=1, the output is an array of log of them.
         |                                                                                                    ^
Flavors: r-devel-linux-x86_64-debian-clang, r-devel-linux-x86_64-debian-gcc, r-devel-linux-x86_64-fedora-clang, r-devel-linux-x86_64-fedora-gcc, r-devel-windows-x86_64, r-patched-linux-x86_64, r-release-linux-x86_64, r-release-macos-arm64, r-release-macos-x86_64, r-release-windows-x86_64, r-oldrel-macos-arm64, r-oldrel-macos-x86_64, r-oldrel-windows-x86_64