Last updated on 2025-05-06 03:51:04 CEST.
Flavor | Version | Tinstall | Tcheck | Ttotal | Status | Flags |
---|---|---|---|---|---|---|
r-devel-linux-x86_64-debian-clang | 0.1.1 | 14.94 | 97.01 | 111.95 | NOTE | |
r-devel-linux-x86_64-debian-gcc | 0.1.1 | 9.17 | 69.36 | 78.53 | NOTE | |
r-devel-linux-x86_64-fedora-clang | 0.1.1 | 174.94 | OK | |||
r-devel-linux-x86_64-fedora-gcc | 0.1.1 | 162.41 | OK | |||
r-devel-windows-x86_64 | 0.1.1 | 13.00 | 100.00 | 113.00 | OK | |
r-patched-linux-x86_64 | 0.1.1 | 12.45 | 92.15 | 104.60 | OK | |
r-release-linux-x86_64 | 0.1.1 | 12.09 | 91.84 | 103.93 | OK | |
r-release-macos-arm64 | 0.1.1 | 49.00 | OK | |||
r-release-macos-x86_64 | 0.1.1 | 89.00 | OK | |||
r-release-windows-x86_64 | 0.1.1 | 14.00 | 97.00 | 111.00 | OK | |
r-oldrel-macos-arm64 | 0.1.1 | 46.00 | OK | |||
r-oldrel-macos-x86_64 | 0.1.1 | 73.00 | OK | |||
r-oldrel-windows-x86_64 | 0.1.1 | 19.00 | 122.00 | 141.00 | OK |
Version: 0.1.1
Check: CRAN incoming feasibility
Result: NOTE
Maintainer: ‘Atanu Bhattacharjee <atanustat@gmail.com>’
The Description field contains
<arXiv:2012.02102>.
Please refer to arXiv e-prints via their arXiv DOI <doi:10.48550/arXiv.YYMM.NNNNN>.
Flavors: r-devel-linux-x86_64-debian-clang, r-devel-linux-x86_64-debian-gcc