Last updated on 2025-05-06 03:51:04 CEST.
Flavor | Version | Tinstall | Tcheck | Ttotal | Status | Flags |
---|---|---|---|---|---|---|
r-devel-linux-x86_64-debian-clang | 0.5.1 | 49.66 | 23.81 | 73.47 | NOTE | |
r-devel-linux-x86_64-debian-gcc | 0.5.1 | 41.07 | 18.98 | 60.05 | NOTE | |
r-devel-linux-x86_64-fedora-clang | 0.5.1 | 172.99 | NOTE | |||
r-devel-linux-x86_64-fedora-gcc | 0.5.1 | 167.86 | NOTE | |||
r-devel-windows-x86_64 | 0.5.1 | 71.00 | 71.00 | 142.00 | NOTE | |
r-patched-linux-x86_64 | 0.5.1 | 55.25 | 22.89 | 78.14 | NOTE | |
r-release-linux-x86_64 | 0.5.1 | 53.59 | 22.84 | 76.43 | NOTE | |
r-release-macos-arm64 | 0.5.1 | 44.00 | NOTE | |||
r-release-macos-x86_64 | 0.5.1 | 51.00 | NOTE | |||
r-release-windows-x86_64 | 0.5.1 | 72.00 | 75.00 | 147.00 | NOTE | |
r-oldrel-macos-arm64 | 0.5.1 | 50.00 | NOTE | |||
r-oldrel-macos-x86_64 | 0.5.1 | 42.00 | NOTE | |||
r-oldrel-windows-x86_64 | 0.5.1 | 71.00 | 71.00 | 142.00 | NOTE |
Version: 0.5.1
Check: C++ specification
Result: NOTE
Specified C++11: please drop specification unless essential
Flavors: r-devel-linux-x86_64-debian-clang, r-devel-linux-x86_64-debian-gcc, r-devel-linux-x86_64-fedora-clang, r-devel-linux-x86_64-fedora-gcc, r-devel-windows-x86_64, r-patched-linux-x86_64, r-release-linux-x86_64, r-release-macos-arm64, r-release-macos-x86_64, r-release-windows-x86_64, r-oldrel-macos-arm64, r-oldrel-macos-x86_64, r-oldrel-windows-x86_64
Version: 0.5.1
Check: installed package size
Result: NOTE
installed size is 8.7Mb
sub-directories of 1Mb or more:
highlight 1.0Mb
libs 7.5Mb
Flavors: r-oldrel-macos-arm64, r-oldrel-macos-x86_64