Last updated on 2025-05-04 03:50:55 CEST.
Flavor | Version | Tinstall | Tcheck | Ttotal | Status | Flags |
---|---|---|---|---|---|---|
r-devel-linux-x86_64-debian-clang | 3.0 | 5.41 | 35.30 | 40.71 | NOTE | |
r-devel-linux-x86_64-debian-gcc | 3.0 | 3.38 | 26.11 | 29.49 | NOTE | |
r-devel-linux-x86_64-fedora-clang | 3.0 | 62.85 | OK | |||
r-devel-linux-x86_64-fedora-gcc | 3.0 | 59.90 | OK | |||
r-devel-windows-x86_64 | 3.0 | 7.00 | 65.00 | 72.00 | OK | |
r-patched-linux-x86_64 | 3.0 | 4.39 | 33.98 | 38.37 | OK | |
r-release-linux-x86_64 | OK | |||||
r-release-macos-arm64 | 3.0 | 20.00 | OK | |||
r-release-macos-x86_64 | 3.0 | 34.00 | OK | |||
r-release-windows-x86_64 | 3.0 | 5.00 | 58.00 | 63.00 | OK | |
r-oldrel-macos-arm64 | 3.0 | 18.00 | OK | |||
r-oldrel-macos-x86_64 | 3.0 | 30.00 | OK | |||
r-oldrel-windows-x86_64 | 3.0 | 5.00 | 65.00 | 70.00 | OK |
Version: 3.0
Check: CRAN incoming feasibility
Result: NOTE
Maintainer: ‘Lifeng Lin <linl@umn.edu>’
No Authors@R field in DESCRIPTION.
Please add one, modifying
Authors@R: c(person(given = "Lifeng",
family = "Lin",
role = c("aut", "cre"),
email = "linl@umn.edu"),
person(given = "Wei",
family = "Pan",
role = "aut"))
as necessary.
Flavors: r-devel-linux-x86_64-debian-clang, r-devel-linux-x86_64-debian-gcc