CRAN Package Check Results for Package hilbertSimilarity

Last updated on 2025-05-07 03:51:02 CEST.

Flavor Version Tinstall Tcheck Ttotal Status Flags
r-devel-linux-x86_64-debian-clang 0.4.3 10.36 118.53 128.89 NOTE
r-devel-linux-x86_64-debian-gcc 0.4.3 6.71 87.99 94.70 NOTE
r-devel-linux-x86_64-fedora-clang 0.4.3 212.01 NOTE
r-devel-linux-x86_64-fedora-gcc 0.4.3 276.79 NOTE
r-devel-windows-x86_64 0.4.3 13.00 222.00 235.00 NOTE
r-patched-linux-x86_64 0.4.3 9.34 123.41 132.75 NOTE
r-release-linux-x86_64 0.4.3 8.88 122.90 131.78 NOTE
r-release-macos-arm64 0.4.3 64.00 NOTE
r-release-macos-x86_64 0.4.3 116.00 NOTE
r-release-windows-x86_64 0.4.3 14.00 221.00 235.00 NOTE
r-oldrel-macos-arm64 0.4.3 61.00 NOTE
r-oldrel-macos-x86_64 0.4.3 94.00 NOTE
r-oldrel-windows-x86_64 0.4.3 12.00 228.00 240.00 NOTE

Check Details

Version: 0.4.3
Check: C++ specification
Result: NOTE Specified C++11: please drop specification unless essential Flavors: r-devel-linux-x86_64-debian-clang, r-devel-linux-x86_64-debian-gcc, r-devel-linux-x86_64-fedora-clang, r-devel-linux-x86_64-fedora-gcc, r-devel-windows-x86_64, r-patched-linux-x86_64, r-release-linux-x86_64, r-release-macos-arm64, r-release-macos-x86_64, r-release-windows-x86_64, r-oldrel-macos-arm64, r-oldrel-macos-x86_64, r-oldrel-windows-x86_64

Version: 0.4.3
Check: LazyData
Result: NOTE 'LazyData' is specified without a 'data' directory Flavors: r-oldrel-macos-arm64, r-oldrel-macos-x86_64, r-oldrel-windows-x86_64