Last updated on 2025-10-31 02:50:33 CET.
| Flavor | Version | Tinstall | Tcheck | Ttotal | Status | Flags | 
|---|---|---|---|---|---|---|
| r-devel-linux-x86_64-debian-clang | 1.1 | 1.71 | 35.84 | 37.55 | NOTE | |
| r-devel-linux-x86_64-debian-gcc | 1.1 | 1.40 | 29.42 | 30.82 | NOTE | |
| r-devel-linux-x86_64-fedora-clang | 1.1 | 57.92 | OK | |||
| r-devel-linux-x86_64-fedora-gcc | 1.1 | 68.65 | OK | |||
| r-devel-windows-x86_64 | 1.1 | 2.00 | 47.00 | 49.00 | OK | |
| r-patched-linux-x86_64 | 1.1 | 1.54 | 35.19 | 36.73 | OK | |
| r-release-linux-x86_64 | 1.1 | 1.62 | 33.95 | 35.57 | OK | |
| r-release-macos-arm64 | 1.1 | 1.00 | 22.00 | 23.00 | OK | |
| r-release-macos-x86_64 | 1.1 | 2.00 | 38.00 | 40.00 | OK | |
| r-release-windows-x86_64 | 1.1 | 3.00 | 48.00 | 51.00 | OK | |
| r-oldrel-macos-arm64 | 1.1 | 1.00 | 22.00 | 23.00 | OK | |
| r-oldrel-macos-x86_64 | 1.1 | 1.00 | 33.00 | 34.00 | OK | |
| r-oldrel-windows-x86_64 | 1.1 | 5.00 | 53.00 | 58.00 | OK | 
Version: 1.1
Check: CRAN incoming feasibility
Result: NOTE
  Maintainer: ‘Kevin Wright <kw.stat@gmail.com>’
  
  The BugReports field in DESCRIPTION has
    https://github.com/kwstat/hopkins/
  which should likely be
    https://github.com/kwstat/hopkins/issues
  instead.
Flavors: r-devel-linux-x86_64-debian-clang, r-devel-linux-x86_64-debian-gcc