Last updated on 2025-05-04 03:50:55 CEST.
Flavor | Version | Tinstall | Tcheck | Ttotal | Status | Flags |
---|---|---|---|---|---|---|
r-devel-linux-x86_64-debian-clang | 1.0.2 | 30.40 | 30.28 | 60.68 | OK | |
r-devel-linux-x86_64-debian-gcc | 1.0.2 | 20.64 | 24.64 | 45.28 | OK | |
r-devel-linux-x86_64-fedora-clang | 1.0.2 | 115.65 | OK | |||
r-devel-linux-x86_64-fedora-gcc | 1.0.2 | 109.31 | OK | |||
r-devel-windows-x86_64 | 1.0.2 | 32.00 | 82.00 | 114.00 | OK | |
r-patched-linux-x86_64 | 1.0.2 | 24.85 | 31.20 | 56.05 | OK | |
r-release-linux-x86_64 | OK | |||||
r-release-macos-arm64 | 1.0.2 | 43.00 | OK | |||
r-release-macos-x86_64 | 1.0.2 | 49.00 | OK | |||
r-release-windows-x86_64 | 1.0.2 | 32.00 | 72.00 | 104.00 | OK | |
r-oldrel-macos-arm64 | 1.0.2 | 41.00 | NOTE | |||
r-oldrel-macos-x86_64 | 1.0.2 | 46.00 | NOTE | |||
r-oldrel-windows-x86_64 | 1.0.2 | 38.00 | 83.00 | 121.00 | OK |
Version: 1.0.2
Check: installed package size
Result: NOTE
installed size is 5.3Mb
sub-directories of 1Mb or more:
libs 5.2Mb
Flavors: r-oldrel-macos-arm64, r-oldrel-macos-x86_64