Last updated on 2025-05-07 03:51:02 CEST.
Flavor | Version | Tinstall | Tcheck | Ttotal | Status | Flags |
---|---|---|---|---|---|---|
r-devel-linux-x86_64-debian-clang | 0.3.2 | 1.02 | 21.28 | 22.30 | NOTE | |
r-devel-linux-x86_64-debian-gcc | 0.3.2 | 1.20 | 17.41 | 18.61 | NOTE | |
r-devel-linux-x86_64-fedora-clang | 0.3.2 | 35.75 | OK | |||
r-devel-linux-x86_64-fedora-gcc | 0.3.2 | 50.07 | OK | |||
r-devel-windows-x86_64 | 0.3.2 | 3.00 | 41.00 | 44.00 | OK | |
r-patched-linux-x86_64 | 0.3.2 | 1.68 | 20.29 | 21.97 | OK | |
r-release-linux-x86_64 | 0.3.2 | 1.44 | 20.47 | 21.91 | OK | |
r-release-macos-arm64 | 0.3.2 | 31.00 | OK | |||
r-release-macos-x86_64 | 0.3.2 | 35.00 | OK | |||
r-release-windows-x86_64 | 0.3.2 | 3.00 | 44.00 | 47.00 | OK | |
r-oldrel-macos-arm64 | 0.3.2 | 23.00 | OK | |||
r-oldrel-macos-x86_64 | 0.3.2 | 32.00 | OK | |||
r-oldrel-windows-x86_64 | 0.3.2 | 3.00 | 47.00 | 50.00 | OK |
Version: 0.3.2
Check: CRAN incoming feasibility
Result: NOTE
Maintainer: ‘Matthew Cserhati <csmatyi@protonmail.com>’
No Authors@R field in DESCRIPTION.
Please add one, modifying
Authors@R: person(given = "Matthew",
family = "Cserhati",
role = c("aut", "cre"),
email = "csmatyi@protonmail.com")
as necessary.
Flavors: r-devel-linux-x86_64-debian-clang, r-devel-linux-x86_64-debian-gcc