Last updated on 2025-10-27 02:49:26 CET.
| Flavor | Version | Tinstall | Tcheck | Ttotal | Status | Flags |
|---|---|---|---|---|---|---|
| r-devel-linux-x86_64-debian-clang | 0.2.0 | 77.63 | 29.27 | 106.90 | OK | |
| r-devel-linux-x86_64-debian-gcc | 0.2.0 | 53.12 | 23.92 | 77.04 | OK | |
| r-devel-linux-x86_64-fedora-clang | 0.2.0 | 137.00 | 22.13 | 159.13 | OK | |
| r-devel-linux-x86_64-fedora-gcc | 0.2.0 | 159.00 | 8.08 | 167.08 | OK | |
| r-devel-windows-x86_64 | 0.2.0 | 69.00 | 69.00 | 138.00 | OK | |
| r-patched-linux-x86_64 | 0.2.0 | 71.35 | 27.06 | 98.41 | OK | |
| r-release-linux-x86_64 | 0.2.0 | 73.48 | 26.70 | 100.18 | OK | |
| r-release-macos-arm64 | 0.2.0 | 40.00 | 17.00 | 57.00 | OK | |
| r-release-macos-x86_64 | 0.2.0 | 83.00 | 29.00 | 112.00 | OK | |
| r-release-windows-x86_64 | 0.2.0 | 67.00 | 75.00 | 142.00 | OK | |
| r-oldrel-macos-arm64 | 0.2.0 | 32.00 | 20.00 | 52.00 | NOTE | |
| r-oldrel-macos-x86_64 | 0.2.0 | 93.00 | 32.00 | 125.00 | NOTE | |
| r-oldrel-windows-x86_64 | 0.2.0 | 73.00 | 87.00 | 160.00 | OK |
Version: 0.2.0
Check: installed package size
Result: NOTE
installed size is 23.5Mb
sub-directories of 1Mb or more:
libs 23.3Mb
Flavors: r-oldrel-macos-arm64, r-oldrel-macos-x86_64