Last updated on 2025-10-31 02:50:33 CET.
| Flavor | Version | Tinstall | Tcheck | Ttotal | Status | Flags | 
|---|---|---|---|---|---|---|
| r-devel-linux-x86_64-debian-clang | 0.2.0 | 27.42 | 248.54 | 275.96 | WARN | |
| r-devel-linux-x86_64-debian-gcc | 0.2.0 | 19.76 | 155.54 | 175.30 | WARN | |
| r-devel-linux-x86_64-fedora-clang | 0.2.0 | 69.00 | 383.35 | 452.35 | WARN | |
| r-devel-linux-x86_64-fedora-gcc | 0.2.0 | 63.00 | 346.80 | 409.80 | WARN | |
| r-devel-windows-x86_64 | 0.2.0 | 27.00 | 188.00 | 215.00 | WARN | |
| r-patched-linux-x86_64 | 0.2.0 | 28.97 | 230.67 | 259.64 | WARN | |
| r-release-linux-x86_64 | 0.2.0 | 27.12 | 231.74 | 258.86 | WARN | |
| r-release-macos-arm64 | 0.2.0 | 12.00 | 86.00 | 98.00 | OK | |
| r-release-macos-x86_64 | 0.2.0 | 36.00 | 196.00 | 232.00 | OK | |
| r-release-windows-x86_64 | 0.2.0 | 28.00 | 188.00 | 216.00 | WARN | |
| r-oldrel-macos-arm64 | 0.2.0 | 14.00 | 92.00 | 106.00 | OK | |
| r-oldrel-macos-x86_64 | 0.2.0 | 18.00 | 140.00 | 158.00 | OK | |
| r-oldrel-windows-x86_64 | 0.2.0 | 39.00 | 262.00 | 301.00 | WARN | 
Version: 0.2.0
Check: CRAN incoming feasibility
Result: NOTE
  Maintainer: ‘Faustin GASHAKAMBA <gashakamba@gmail.com>’
  
  No Authors@R field in DESCRIPTION.
  Please add one, modifying
    Authors@R: person(given = "Faustin",
                      family = "GASHAKAMBA",
                      role = c("aut", "cre"),
                      email = "gashakamba@gmail.com")
  as necessary.
Flavors: r-devel-linux-x86_64-debian-clang, r-devel-linux-x86_64-debian-gcc
Version: 0.2.0
Check: whether package can be installed
Result: WARN
  Found the following significant warnings:
    Warning: replacing previous import ‘ggplot2::set_theme’ by ‘sjPlot::set_theme’ when loading ‘hypsoLoop’
Flavors: r-devel-linux-x86_64-debian-clang, r-devel-linux-x86_64-debian-gcc, r-devel-linux-x86_64-fedora-clang, r-devel-linux-x86_64-fedora-gcc, r-devel-windows-x86_64, r-patched-linux-x86_64, r-release-linux-x86_64, r-release-windows-x86_64, r-oldrel-windows-x86_64
Version: 0.2.0
Check: Rd cross-references
Result: NOTE
  Found the following Rd file(s) with Rd \link{} targets missing package
  anchors:
    calc_areas.Rd: area, values
    generateHypsoTables.Rd: crop, mask, classify
  Please provide package anchors for all Rd \link{} targets not in the
  package itself and the base packages.
Flavors: r-devel-linux-x86_64-debian-clang, r-devel-linux-x86_64-debian-gcc, r-devel-windows-x86_64, r-patched-linux-x86_64, r-release-linux-x86_64, r-release-windows-x86_64