Last updated on 2025-05-04 03:50:56 CEST.
Flavor | Version | Tinstall | Tcheck | Ttotal | Status | Flags |
---|---|---|---|---|---|---|
r-devel-linux-x86_64-debian-clang | 1.2 | 18.70 | 59.46 | 78.16 | NOTE | |
r-devel-linux-x86_64-debian-gcc | 1.2 | 12.32 | 44.54 | 56.86 | NOTE | |
r-devel-linux-x86_64-fedora-clang | 1.2 | 126.63 | OK | |||
r-devel-linux-x86_64-fedora-gcc | 1.2 | 124.88 | OK | |||
r-devel-windows-x86_64 | 1.2 | 22.00 | 102.00 | 124.00 | OK | |
r-patched-linux-x86_64 | 1.2 | 17.24 | 56.97 | 74.21 | OK | |
r-release-linux-x86_64 | OK | |||||
r-release-macos-arm64 | 1.2 | 37.00 | OK | |||
r-release-macos-x86_64 | 1.2 | 56.00 | OK | |||
r-release-windows-x86_64 | 1.2 | 23.00 | 93.00 | 116.00 | OK | |
r-oldrel-macos-arm64 | 1.2 | 37.00 | OK | |||
r-oldrel-macos-x86_64 | 1.2 | 56.00 | OK | |||
r-oldrel-windows-x86_64 | 1.2 | 27.00 | 108.00 | 135.00 | OK |
Version: 1.2
Check: CRAN incoming feasibility
Result: NOTE
Maintainer: ‘Cyprien Mbogning <cyprien.mbogning@gmail.com>’
No Authors@R field in DESCRIPTION.
Please add one, modifying
Authors@R: c(person(given = "Cyprien",
family = "Mbogning",
role = c("aut", "cre"),
email = "cyprien.mbogning@gmail.com"),
person(given = "Philippe",
family = "Broet",
role = "aut"))
as necessary.
Flavors: r-devel-linux-x86_64-debian-clang, r-devel-linux-x86_64-debian-gcc