Last updated on 2025-05-07 03:51:03 CEST.
Flavor | Version | Tinstall | Tcheck | Ttotal | Status | Flags |
---|---|---|---|---|---|---|
r-devel-linux-x86_64-debian-clang | 2.1.0 | 9.82 | 86.30 | 96.12 | OK | |
r-devel-linux-x86_64-debian-gcc | 2.1.0 | 7.34 | 59.50 | 66.84 | OK | |
r-devel-linux-x86_64-fedora-clang | 2.1.0 | 147.52 | OK | |||
r-devel-linux-x86_64-fedora-gcc | 2.1.0 | 147.01 | OK | |||
r-devel-windows-x86_64 | 2.1.0 | 11.00 | 99.00 | 110.00 | OK | |
r-patched-linux-x86_64 | 2.1.0 | 10.49 | 79.64 | 90.13 | OK | |
r-release-linux-x86_64 | 2.1.0 | 9.99 | 79.11 | 89.10 | OK | |
r-release-macos-arm64 | 2.1.0 | 46.00 | OK | |||
r-release-macos-x86_64 | 2.1.0 | 84.00 | OK | |||
r-release-windows-x86_64 | 2.1.0 | 10.00 | 93.00 | 103.00 | OK | |
r-oldrel-macos-arm64 | 2.1.0 | 43.00 | NOTE | |||
r-oldrel-macos-x86_64 | 2.1.0 | 125.00 | NOTE | |||
r-oldrel-windows-x86_64 | 2.1.0 | 14.00 | 115.00 | 129.00 | NOTE |
Version: 2.1.0
Check: installed package size
Result: NOTE
installed size is 5.3Mb
sub-directories of 1Mb or more:
java 4.2Mb
Flavors: r-oldrel-macos-arm64, r-oldrel-macos-x86_64, r-oldrel-windows-x86_64