Last updated on 2025-05-07 03:51:03 CEST.
Flavor | Version | Tinstall | Tcheck | Ttotal | Status | Flags |
---|---|---|---|---|---|---|
r-devel-linux-x86_64-debian-clang | 3.0.1 | 17.06 | 171.09 | 188.15 | NOTE | |
r-devel-linux-x86_64-debian-gcc | 3.0.1 | 13.55 | 112.31 | 125.86 | NOTE | |
r-devel-linux-x86_64-fedora-clang | 3.0.1 | 308.90 | OK | |||
r-devel-linux-x86_64-fedora-gcc | 3.0.1 | 328.15 | OK | |||
r-devel-windows-x86_64 | 3.0.1 | 24.00 | 276.00 | 300.00 | OK | |
r-patched-linux-x86_64 | 3.0.1 | 16.60 | 161.70 | 178.30 | OK | |
r-release-linux-x86_64 | 3.0.1 | 18.19 | 161.15 | 179.34 | OK | |
r-release-macos-arm64 | 3.0.1 | 99.00 | OK | |||
r-release-macos-x86_64 | 3.0.1 | 175.00 | OK | |||
r-release-windows-x86_64 | 3.0.1 | 23.00 | 279.00 | 302.00 | OK | |
r-oldrel-macos-arm64 | 3.0.1 | 83.00 | OK | |||
r-oldrel-macos-x86_64 | 3.0.1 | 132.00 | OK | |||
r-oldrel-windows-x86_64 | 3.0.1 | 28.00 | 295.00 | 323.00 | OK |
Version: 3.0.1
Check: CRAN incoming feasibility
Result: NOTE
Maintainer: ‘T. C. Hsieh <euler96@gmail.com>’
No Authors@R field in DESCRIPTION.
Please add one, modifying
Authors@R: c(person(given = c("T.", "C."),
family = "Hsieh",
role = c("aut", "cre"),
email = "euler96@gmail.com"),
person(given = c("K.", "H."),
family = "Ma",
role = "aut"),
person(given = "Anne",
family = "Chao",
role = "aut"))
as necessary.
Flavors: r-devel-linux-x86_64-debian-clang, r-devel-linux-x86_64-debian-gcc