CRAN Package Check Results for Package ibelief

Last updated on 2025-05-06 03:51:05 CEST.

Flavor Version Tinstall Tcheck Ttotal Status Flags
r-devel-linux-x86_64-debian-clang 1.3.1 2.96 23.09 26.05 NOTE
r-devel-linux-x86_64-debian-gcc 1.3.1 2.27 18.28 20.55 NOTE
r-devel-linux-x86_64-fedora-clang 1.3.1 39.00 OK
r-devel-linux-x86_64-fedora-gcc 1.3.1 37.17 OK
r-devel-windows-x86_64 1.3.1 3.00 42.00 45.00 OK
r-patched-linux-x86_64 1.3.1 2.23 22.67 24.90 OK
r-release-linux-x86_64 1.3.1 2.20 21.33 23.53 OK
r-release-macos-arm64 1.3.1 16.00 OK
r-release-macos-x86_64 1.3.1 26.00 OK
r-release-windows-x86_64 1.3.1 5.00 46.00 51.00 OK
r-oldrel-macos-arm64 1.3.1 15.00 OK
r-oldrel-macos-x86_64 1.3.1 23.00 OK
r-oldrel-windows-x86_64 1.3.1 5.00 42.00 47.00 OK

Check Details

Version: 1.3.1
Check: CRAN incoming feasibility
Result: NOTE Maintainer: ‘Kuang Zhou <kzhoumath@163.com>’ No Authors@R field in DESCRIPTION. Please add one, modifying Authors@R: c(person(given = c("Kuang", "Zhou;", "Arnaud", "Martin"), family = "<arnaud.martin@univ-rennes1.fr>", role = "aut", email = "arnaud.martin@univ-rennes1.fr"), person(given = "Kuang", family = "Zhou", role = "cre", email = "kzhoumath@163.com")) as necessary. The Description field contains Philippe Smets <arXiv:1304.1122>, evidence combination, evidence Please refer to arXiv e-prints via their arXiv DOI <doi:10.48550/arXiv.YYMM.NNNNN>. Flavors: r-devel-linux-x86_64-debian-clang, r-devel-linux-x86_64-debian-gcc