Last updated on 2025-05-07 03:51:02 CEST.
Flavor | Version | Tinstall | Tcheck | Ttotal | Status | Flags |
---|---|---|---|---|---|---|
r-devel-linux-x86_64-debian-clang | 1.51.0 | 16.58 | 104.24 | 120.82 | OK | |
r-devel-linux-x86_64-debian-gcc | 1.51.0 | 12.11 | 73.29 | 85.40 | OK | |
r-devel-linux-x86_64-fedora-clang | 1.51.0 | 210.64 | OK | |||
r-devel-linux-x86_64-fedora-gcc | 1.51.0 | 207.10 | OK | |||
r-devel-windows-x86_64 | 1.51.0 | 18.00 | 120.00 | 138.00 | OK | |
r-patched-linux-x86_64 | 1.51.0 | 17.10 | 102.64 | 119.74 | OK | |
r-release-linux-x86_64 | 1.51.0 | 18.93 | 98.54 | 117.47 | OK | |
r-release-macos-arm64 | 1.51.0 | 68.00 | OK | |||
r-release-macos-x86_64 | 1.51.0 | 124.00 | OK | |||
r-release-windows-x86_64 | 1.51.0 | 18.00 | 125.00 | 143.00 | OK | |
r-oldrel-macos-arm64 | 1.51.0 | 64.00 | NOTE | |||
r-oldrel-macos-x86_64 | 1.51.0 | 90.00 | NOTE | |||
r-oldrel-windows-x86_64 | 1.51.0 | 26.00 | 146.00 | 172.00 | NOTE |
Version: 1.51.0
Check: package dependencies
Result: NOTE
Package suggested but not available for checking: ‘SparkR’
Flavors: r-oldrel-macos-arm64, r-oldrel-macos-x86_64, r-oldrel-windows-x86_64