Last updated on 2025-05-06 03:51:05 CEST.
Flavor | Version | Tinstall | Tcheck | Ttotal | Status | Flags |
---|---|---|---|---|---|---|
r-devel-linux-x86_64-debian-clang | 1.4 | 10.59 | 21.48 | 32.07 | NOTE | |
r-devel-linux-x86_64-debian-gcc | 1.4 | 7.32 | 17.46 | 24.78 | NOTE | |
r-devel-linux-x86_64-fedora-clang | 1.4 | 54.43 | OK | |||
r-devel-linux-x86_64-fedora-gcc | 1.4 | 54.70 | OK | |||
r-devel-windows-x86_64 | 1.4 | 12.00 | 56.00 | 68.00 | OK | |
r-patched-linux-x86_64 | 1.4 | 9.94 | 21.86 | 31.80 | OK | |
r-release-linux-x86_64 | 1.4 | 9.51 | 21.15 | 30.66 | OK | |
r-release-macos-arm64 | 1.4 | 20.00 | OK | |||
r-release-macos-x86_64 | 1.4 | 33.00 | OK | |||
r-release-windows-x86_64 | 1.4 | 13.00 | 67.00 | 80.00 | OK | |
r-oldrel-macos-arm64 | 1.4 | 19.00 | OK | |||
r-oldrel-macos-x86_64 | 1.4 | 28.00 | OK | |||
r-oldrel-windows-x86_64 | 1.4 | 13.00 | 70.00 | 83.00 | OK |
Version: 1.4
Check: CRAN incoming feasibility
Result: NOTE
Maintainer: ‘Feng Chen <feng.chen@unsw.edu.au>’
No Authors@R field in DESCRIPTION.
Please add one, modifying
Authors@R: person(given = "Feng",
family = "Chen",
role = c("aut", "cre"),
email = "feng.chen@unsw.edu.au")
as necessary.
Flavors: r-devel-linux-x86_64-debian-clang, r-devel-linux-x86_64-debian-gcc