Last updated on 2025-05-07 03:51:02 CEST.
Flavor | Version | Tinstall | Tcheck | Ttotal | Status | Flags |
---|---|---|---|---|---|---|
r-devel-linux-x86_64-debian-clang | 1.0 | 54.13 | 25.49 | 79.62 | OK | |
r-devel-linux-x86_64-debian-gcc | 1.0 | 41.68 | 21.85 | 63.53 | OK | |
r-devel-linux-x86_64-fedora-clang | 1.0 | 128.78 | OK | |||
r-devel-linux-x86_64-fedora-gcc | 1.0 | 129.75 | OK | |||
r-devel-windows-x86_64 | 1.0 | 53.00 | 47.00 | 100.00 | OK | |
r-patched-linux-x86_64 | 1.0 | 54.67 | 23.98 | 78.65 | OK | |
r-release-linux-x86_64 | 1.0 | 56.01 | 24.00 | 80.01 | OK | |
r-release-macos-arm64 | 1.0 | 57.00 | OK | |||
r-release-macos-x86_64 | 1.0 | 94.00 | OK | |||
r-release-windows-x86_64 | 1.0 | 53.00 | 54.00 | 107.00 | OK | |
r-oldrel-macos-arm64 | 1.0 | 52.00 | NOTE | |||
r-oldrel-macos-x86_64 | 1.0 | 75.00 | NOTE | |||
r-oldrel-windows-x86_64 | 1.0 | 56.00 | 55.00 | 111.00 | NOTE |
Version: 1.0
Check: package dependencies
Result: NOTE
Package suggested but not available for checking: ‘icd’
Flavors: r-oldrel-macos-arm64, r-oldrel-macos-x86_64, r-oldrel-windows-x86_64
Version: 1.0
Check: installed package size
Result: NOTE
installed size is 5.8Mb
sub-directories of 1Mb or more:
data 5.6Mb
Flavors: r-oldrel-macos-arm64, r-oldrel-macos-x86_64