Last updated on 2025-07-04 03:50:28 CEST.
Flavor | Version | Tinstall | Tcheck | Ttotal | Status | Flags |
---|---|---|---|---|---|---|
r-devel-linux-x86_64-debian-clang | 2.0.16 | 60.01 | 127.87 | 187.88 | NOTE | |
r-devel-linux-x86_64-debian-gcc | 2.0.16 | 43.39 | 97.10 | 140.49 | NOTE | |
r-devel-linux-x86_64-fedora-clang | 2.0.16 | 323.84 | OK | |||
r-devel-linux-x86_64-fedora-gcc | 2.0.16 | 334.40 | OK | |||
r-devel-windows-x86_64 | 2.0.16 | 60.00 | 260.00 | 320.00 | OK | |
r-patched-linux-x86_64 | 2.0.16 | 68.19 | 128.53 | 196.72 | OK | |
r-release-linux-x86_64 | 2.0.16 | 64.72 | 127.69 | 192.41 | OK | |
r-release-macos-arm64 | 2.0.16 | 106.00 | OK | |||
r-release-macos-x86_64 | 2.0.16 | 200.00 | OK | |||
r-release-windows-x86_64 | 2.0.16 | 63.00 | 265.00 | 328.00 | OK | |
r-oldrel-macos-arm64 | 2.0.16 | 94.00 | NOTE | |||
r-oldrel-macos-x86_64 | 2.0.16 | 163.00 | NOTE | |||
r-oldrel-windows-x86_64 | 2.0.16 | 76.00 | 301.00 | 377.00 | OK |
Version: 2.0.16
Check: CRAN incoming feasibility
Result: NOTE
Maintainer: ‘Clifford Anderson-Bergman <pistacliffcho@gmail.com>’
No Authors@R field in DESCRIPTION.
Please add one, modifying
Authors@R: person(given = "Clifford",
family = "Anderson-Bergman",
role = c("aut", "cre"),
email = "pistacliffcho@gmail.com")
as necessary.
Flavors: r-devel-linux-x86_64-debian-clang, r-devel-linux-x86_64-debian-gcc
Version: 2.0.16
Check: installed package size
Result: NOTE
installed size is 19.3Mb
sub-directories of 1Mb or more:
libs 17.8Mb
Flavors: r-oldrel-macos-arm64, r-oldrel-macos-x86_64