CRAN Package Check Results for Package icensBKL

Last updated on 2025-07-05 03:48:39 CEST.

Flavor Version Tinstall Tcheck Ttotal Status Flags
r-devel-linux-x86_64-debian-clang 1.5 7.42 67.60 75.02 OK
r-devel-linux-x86_64-debian-gcc 1.5 5.15 50.61 55.76 OK
r-devel-linux-x86_64-fedora-clang 1.5 122.12 OK
r-devel-linux-x86_64-fedora-gcc 1.5 109.04 OK
r-devel-windows-x86_64 1.5 8.00 82.00 90.00 OK
r-patched-linux-x86_64 1.5 7.36 65.23 72.59 OK
r-release-linux-x86_64 1.5 6.76 64.85 71.61 OK
r-release-macos-arm64 1.5 35.00 OK
r-release-macos-x86_64 1.5 70.00 OK
r-release-windows-x86_64 1.5 9.00 85.00 94.00 OK
r-oldrel-macos-arm64 1.5 35.00 NOTE
r-oldrel-macos-x86_64 1.5 54.00 NOTE
r-oldrel-windows-x86_64 1.5 12.00 103.00 115.00 OK

Check Details

Version: 1.5
Check: package dependencies
Result: NOTE Package suggested but not available for checking: ‘mixAK’ Flavor: r-oldrel-macos-arm64

Version: 1.5
Check: package dependencies
Result: NOTE Packages suggested but not available for checking: 'mixAK', 'frailtypack' Flavor: r-oldrel-macos-x86_64