Last updated on 2025-05-04 03:50:56 CEST.
Flavor | Version | Tinstall | Tcheck | Ttotal | Status | Flags |
---|---|---|---|---|---|---|
r-devel-linux-x86_64-debian-clang | 1.5 | 10.79 | 100.94 | 111.73 | NOTE | |
r-devel-linux-x86_64-debian-gcc | 1.6 | 10.00 | 71.38 | 81.38 | OK | |
r-devel-linux-x86_64-fedora-clang | 1.6 | 181.00 | OK | |||
r-devel-linux-x86_64-fedora-gcc | 1.6 | 165.50 | OK | |||
r-devel-windows-x86_64 | 1.6 | 20.00 | 108.00 | 128.00 | OK | |
r-patched-linux-x86_64 | 1.6 | 10.15 | 92.43 | 102.58 | OK | |
r-release-linux-x86_64 | OK | |||||
r-release-macos-arm64 | 1.6 | 51.00 | OK | |||
r-release-macos-x86_64 | 1.6 | 122.00 | OK | |||
r-release-windows-x86_64 | 1.6 | 15.00 | 106.00 | 121.00 | OK | |
r-oldrel-macos-arm64 | 1.6 | 63.00 | OK | |||
r-oldrel-macos-x86_64 | 1.6 | 123.00 | OK | |||
r-oldrel-windows-x86_64 | 1.6 | 22.00 | 134.00 | 156.00 | OK |
Version: 1.5
Check: CRAN incoming feasibility
Result: NOTE
Maintainer: ‘Marcelino de la Cruz <marcelino.delacruz@urjc.es>’
No Authors@R field in DESCRIPTION.
Please add one, modifying
Authors@R: person(given = "Marcelino",
family = "de la Cruz",
role = c("aut", "cre"),
email = "marcelino.delacruz@urjc.es")
as necessary.
Package CITATION file contains call(s) to old-style personList() or
as.personList(). Please use c() on person objects instead.
Package CITATION file contains call(s) to old-style citEntry(). Please
use bibentry() instead.
Flavor: r-devel-linux-x86_64-debian-clang