Last updated on 2025-05-07 03:51:03 CEST.
Flavor | Version | Tinstall | Tcheck | Ttotal | Status | Flags |
---|---|---|---|---|---|---|
r-devel-linux-x86_64-debian-clang | 1.3 | 1.45 | 20.89 | 22.34 | NOTE | |
r-devel-linux-x86_64-debian-gcc | 1.3 | 1.48 | 16.95 | 18.43 | NOTE | |
r-devel-linux-x86_64-fedora-clang | 1.3 | 35.31 | OK | |||
r-devel-linux-x86_64-fedora-gcc | 1.3 | 34.96 | OK | |||
r-devel-windows-x86_64 | 1.3 | 4.00 | 44.00 | 48.00 | OK | |
r-patched-linux-x86_64 | 1.3 | 2.18 | 20.25 | 22.43 | OK | |
r-release-linux-x86_64 | 1.3 | 1.88 | 20.16 | 22.04 | OK | |
r-release-macos-arm64 | 1.3 | 16.00 | OK | |||
r-release-macos-x86_64 | 1.3 | 24.00 | OK | |||
r-release-windows-x86_64 | 1.3 | 4.00 | 51.00 | 55.00 | OK | |
r-oldrel-macos-arm64 | 1.3 | 15.00 | OK | |||
r-oldrel-macos-x86_64 | 1.3 | 21.00 | OK | |||
r-oldrel-windows-x86_64 | 1.3 | 3.00 | 44.00 | 47.00 | OK |
Version: 1.3
Check: CRAN incoming feasibility
Result: NOTE
Maintainer: ‘Qunhua Li <qunhua.li@psu.edu>’
No Authors@R field in DESCRIPTION.
Please add one, modifying
Authors@R: person(given = "Qunhua",
family = "Li",
role = c("aut", "cre"),
email = "qunhua.li@psu.edu")
as necessary.
Flavors: r-devel-linux-x86_64-debian-clang, r-devel-linux-x86_64-debian-gcc