Last updated on 2025-10-31 02:50:33 CET.
| Flavor | Version | Tinstall | Tcheck | Ttotal | Status | Flags | 
|---|---|---|---|---|---|---|
| r-devel-linux-x86_64-debian-clang | 0.0.41 | 41.04 | 389.43 | 430.47 | OK | |
| r-devel-linux-x86_64-debian-gcc | 0.0.41 | 25.74 | 256.42 | 282.16 | OK | |
| r-devel-linux-x86_64-fedora-clang | 0.0.41 | 166.00 | 548.44 | 714.44 | OK | |
| r-devel-linux-x86_64-fedora-gcc | 0.0.41 | 81.00 | 556.96 | 637.96 | OK | |
| r-devel-windows-x86_64 | 0.0.41 | 36.00 | 308.00 | 344.00 | OK | |
| r-patched-linux-x86_64 | 0.0.41 | 37.53 | 369.77 | 407.30 | OK | |
| r-release-linux-x86_64 | 0.0.41 | 39.25 | 365.74 | 404.99 | OK | |
| r-release-macos-arm64 | 0.0.41 | 16.00 | 137.00 | 153.00 | OK | |
| r-release-macos-x86_64 | 0.0.41 | 36.00 | 280.00 | 316.00 | OK | |
| r-release-windows-x86_64 | 0.0.41 | 37.00 | 309.00 | 346.00 | OK | |
| r-oldrel-macos-arm64 | 0.0.41 | 12.00 | ERROR | |||
| r-oldrel-macos-x86_64 | 0.0.41 | 12.00 | ERROR | |||
| r-oldrel-windows-x86_64 | 0.0.41 | 16.00 | 10.00 | 26.00 | ERROR | 
Version: 0.0.41
Check: package dependencies
Result: ERROR
  Package required and available but unsuitable version: ‘utils’
  
  See section ‘The DESCRIPTION file’ in the ‘Writing R Extensions’
  manual.
Flavors: r-oldrel-macos-arm64, r-oldrel-macos-x86_64, r-oldrel-windows-x86_64