Last updated on 2025-05-06 03:51:05 CEST.
Flavor | Version | Tinstall | Tcheck | Ttotal | Status | Flags |
---|---|---|---|---|---|---|
r-devel-linux-x86_64-debian-clang | 0.4.1 | 3.00 | 55.33 | 58.33 | NOTE | |
r-devel-linux-x86_64-debian-gcc | 0.4.1 | 2.56 | 40.04 | 42.60 | NOTE | |
r-devel-linux-x86_64-fedora-clang | 0.4.1 | 90.00 | OK | |||
r-devel-linux-x86_64-fedora-gcc | 0.4.1 | 104.11 | OK | |||
r-devel-windows-x86_64 | 0.4.1 | 5.00 | 83.00 | 88.00 | OK | |
r-patched-linux-x86_64 | 0.4.1 | 3.65 | 53.39 | 57.04 | OK | |
r-release-linux-x86_64 | 0.4.1 | 3.45 | 53.19 | 56.64 | OK | |
r-release-macos-arm64 | 0.4.1 | 40.00 | OK | |||
r-release-macos-x86_64 | 0.4.1 | 90.00 | OK | |||
r-release-windows-x86_64 | 0.4.1 | 6.00 | 84.00 | 90.00 | OK | |
r-oldrel-macos-arm64 | 0.4.1 | 36.00 | OK | |||
r-oldrel-macos-x86_64 | 0.4.1 | 73.00 | OK | |||
r-oldrel-windows-x86_64 | 0.4.1 | 6.00 | 94.00 | 100.00 | OK |
Version: 0.4.1
Check: CRAN incoming feasibility
Result: NOTE
Maintainer: ‘Alex J.C. Witsil <alexjcwitsil@gmail.com>’
No Authors@R field in DESCRIPTION.
Please add one, modifying
Authors@R: person(given = c("Alex", "J.C."),
family = "Witsil",
role = c("aut", "cre"),
email = "alexjcwitsil@gmail.com")
as necessary.
Flavors: r-devel-linux-x86_64-debian-clang, r-devel-linux-x86_64-debian-gcc