Last updated on 2025-10-30 02:49:04 CET.
| Flavor | Version | Tinstall | Tcheck | Ttotal | Status | Flags |
|---|---|---|---|---|---|---|
| r-devel-linux-x86_64-debian-clang | 0.99.0 | 30.45 | 277.00 | 307.45 | OK | |
| r-devel-linux-x86_64-debian-gcc | 0.99.0 | 22.65 | 198.71 | 221.36 | OK | |
| r-devel-linux-x86_64-fedora-clang | 0.99.0 | 244.00 | 285.93 | 529.93 | OK | |
| r-devel-linux-x86_64-fedora-gcc | 0.99.0 | 135.00 | 370.94 | 505.94 | OK | |
| r-devel-windows-x86_64 | 0.99.0 | 30.00 | 242.00 | 272.00 | OK | |
| r-patched-linux-x86_64 | 0.99.0 | 0.33 | 1.88 | 2.21 | ERROR | |
| r-release-linux-x86_64 | 0.99.0 | 28.59 | 269.10 | 297.69 | OK | |
| r-release-macos-arm64 | 0.99.0 | 13.00 | 126.00 | 139.00 | OK | |
| r-release-macos-x86_64 | 0.99.0 | 31.00 | 262.00 | 293.00 | OK | |
| r-release-windows-x86_64 | 0.99.0 | 29.00 | 244.00 | 273.00 | OK | |
| r-oldrel-macos-arm64 | 0.99.0 | 13.00 | 110.00 | 123.00 | OK | |
| r-oldrel-macos-x86_64 | 0.99.0 | 20.00 | 182.00 | 202.00 | OK | |
| r-oldrel-windows-x86_64 | 0.99.0 | 39.00 | 317.00 | 356.00 | OK |
Version: 0.99.0
Check: package dependencies
Result: ERROR
Packages required but not available:
'SingleCellExperiment', 'SummarizedExperiment'
See section ‘The DESCRIPTION file’ in the ‘Writing R Extensions’
manual.
Flavor: r-patched-linux-x86_64