Last updated on 2025-10-31 02:50:34 CET.
| Flavor | Version | Tinstall | Tcheck | Ttotal | Status | Flags | 
|---|---|---|---|---|---|---|
| r-devel-linux-x86_64-debian-clang | 0.1.0 | 40.80 | 55.42 | 96.22 | OK | |
| r-devel-linux-x86_64-debian-gcc | 0.1.0 | 30.54 | 41.38 | 71.92 | OK | |
| r-devel-linux-x86_64-fedora-clang | 0.1.0 | 184.00 | -26.15 | 157.85 | OK | |
| r-devel-linux-x86_64-fedora-gcc | 0.1.0 | 100.00 | 55.18 | 155.18 | OK | |
| r-devel-windows-x86_64 | 0.1.0 | 41.00 | 86.00 | 127.00 | OK | |
| r-patched-linux-x86_64 | 0.1.0 | 39.76 | 52.09 | 91.85 | OK | |
| r-release-linux-x86_64 | 0.1.0 | 41.60 | 51.55 | 93.15 | OK | |
| r-release-macos-arm64 | 0.1.0 | 20.00 | 27.00 | 47.00 | OK | |
| r-release-macos-x86_64 | 0.1.0 | 49.00 | 46.00 | 95.00 | OK | |
| r-release-windows-x86_64 | 0.1.0 | 42.00 | 81.00 | 123.00 | OK | |
| r-oldrel-macos-arm64 | 0.1.0 | 21.00 | 29.00 | 50.00 | NOTE | |
| r-oldrel-macos-x86_64 | 0.1.0 | 60.00 | 63.00 | 123.00 | NOTE | |
| r-oldrel-windows-x86_64 | 0.1.0 | 50.00 | 101.00 | 151.00 | OK | 
Version: 0.1.0
Check: installed package size
Result: NOTE
    installed size is  6.5Mb
    sub-directories of 1Mb or more:
      libs   6.1Mb
Flavors: r-oldrel-macos-arm64, r-oldrel-macos-x86_64