Last updated on 2025-05-06 03:51:05 CEST.
Flavor | Version | Tinstall | Tcheck | Ttotal | Status | Flags |
---|---|---|---|---|---|---|
r-devel-linux-x86_64-debian-clang | 0.2.1 | 2.49 | 32.49 | 34.98 | NOTE | |
r-devel-linux-x86_64-debian-gcc | 0.2.1 | 1.85 | 25.57 | 27.42 | NOTE | |
r-devel-linux-x86_64-fedora-clang | 0.2.1 | 55.03 | OK | |||
r-devel-linux-x86_64-fedora-gcc | 0.2.1 | 70.13 | OK | |||
r-devel-windows-x86_64 | 0.2.1 | 4.00 | 72.00 | 76.00 | OK | |
r-patched-linux-x86_64 | 0.2.1 | 2.45 | 31.72 | 34.17 | OK | |
r-release-linux-x86_64 | 0.2.1 | 2.19 | 31.41 | 33.60 | OK | |
r-release-macos-arm64 | 0.2.1 | 31.00 | OK | |||
r-release-macos-x86_64 | 0.2.1 | 62.00 | OK | |||
r-release-windows-x86_64 | 0.2.1 | 3.00 | 74.00 | 77.00 | OK | |
r-oldrel-macos-arm64 | 0.2.1 | 28.00 | OK | |||
r-oldrel-macos-x86_64 | 0.2.1 | 42.00 | OK | |||
r-oldrel-windows-x86_64 | 0.2.1 | 4.00 | 74.00 | 78.00 | OK |
Version: 0.2.1
Check: CRAN incoming feasibility
Result: NOTE
Maintainer: ‘Geoff Hosack <geoff.hosack@csiro.au>’
No Authors@R field in DESCRIPTION.
Please add one, modifying
Authors@R: c(person(given = c("Geoffrey", "R."),
family = "Hosack",
role = "aut"),
person(given = "Geoff",
family = "Hosack",
role = "cre",
email = "geoff.hosack@csiro.au"))
as necessary.
Flavors: r-devel-linux-x86_64-debian-clang, r-devel-linux-x86_64-debian-gcc