Last updated on 2025-10-30 02:49:04 CET.
| Flavor | Version | Tinstall | Tcheck | Ttotal | Status | Flags | 
|---|---|---|---|---|---|---|
| r-devel-linux-x86_64-debian-clang | 0.1.2 | 3.03 | 39.08 | 42.11 | NOTE | |
| r-devel-linux-x86_64-debian-gcc | 0.1.2 | 2.32 | 30.05 | 32.37 | NOTE | |
| r-devel-linux-x86_64-fedora-clang | 0.1.2 | 11.00 | 54.72 | 65.72 | OK | |
| r-devel-linux-x86_64-fedora-gcc | 0.1.2 | 73.91 | OK | |||
| r-devel-windows-x86_64 | 0.1.2 | 4.00 | 60.00 | 64.00 | OK | |
| r-patched-linux-x86_64 | 0.1.2 | 2.89 | 36.11 | 39.00 | OK | |
| r-release-linux-x86_64 | 0.1.2 | 2.85 | 36.27 | 39.12 | OK | |
| r-release-macos-arm64 | 0.1.2 | 1.00 | 42.00 | 43.00 | OK | |
| r-release-macos-x86_64 | 0.1.2 | 3.00 | 58.00 | 61.00 | OK | |
| r-release-windows-x86_64 | 0.1.2 | 6.00 | 60.00 | 66.00 | OK | |
| r-oldrel-macos-arm64 | 0.1.2 | 2.00 | 39.00 | 41.00 | OK | |
| r-oldrel-macos-x86_64 | 0.1.2 | 2.00 | 55.00 | 57.00 | OK | |
| r-oldrel-windows-x86_64 | 0.1.2 | 6.00 | 70.00 | 76.00 | OK | 
Version: 0.1.2
Check: CRAN incoming feasibility
Result: NOTE
  Maintainer: ‘Kasia Kulma <katarzyna.kulma@gmail.com>’
  
  No Authors@R field in DESCRIPTION.
  Please add one, modifying
    Authors@R: person(given = "Kasia",
                      family = "Kulma",
                      role = c("aut", "cre"),
                      email = "katarzyna.kulma@gmail.com")
  as necessary.
Flavors: r-devel-linux-x86_64-debian-clang, r-devel-linux-x86_64-debian-gcc