Last updated on 2025-05-07 03:51:03 CEST.
Flavor | Version | Tinstall | Tcheck | Ttotal | Status | Flags |
---|---|---|---|---|---|---|
r-devel-linux-x86_64-debian-clang | 1.4.2 | 3.48 | 44.40 | 47.88 | NOTE | |
r-devel-linux-x86_64-debian-gcc | 1.4.2 | 2.48 | 34.07 | 36.55 | NOTE | |
r-devel-linux-x86_64-fedora-clang | 1.4.2 | 74.66 | OK | |||
r-devel-linux-x86_64-fedora-gcc | 1.4.2 | 87.15 | OK | |||
r-devel-windows-x86_64 | 1.4.2 | 4.00 | 85.00 | 89.00 | OK | |
r-patched-linux-x86_64 | 1.4.2 | 3.39 | 42.99 | 46.38 | OK | |
r-release-linux-x86_64 | 1.4.2 | 2.47 | 42.58 | 45.05 | OK | |
r-release-macos-arm64 | 1.4.2 | 46.00 | OK | |||
r-release-macos-x86_64 | 1.4.2 | 91.00 | OK | |||
r-release-windows-x86_64 | 1.4.2 | 6.00 | 88.00 | 94.00 | OK | |
r-oldrel-macos-arm64 | 1.4.2 | 32.00 | OK | |||
r-oldrel-macos-x86_64 | 1.4.2 | 80.00 | OK | |||
r-oldrel-windows-x86_64 | 1.4.2 | 6.00 | 93.00 | 99.00 | OK |
Version: 1.4.2
Check: CRAN incoming feasibility
Result: NOTE
Maintainer: ‘Brandon M. Greenwell <greenwell.brandon@gmail.com>’
No Authors@R field in DESCRIPTION.
Please add one, modifying
Authors@R: person(given = c("Brandon", "M."),
family = "Greenwell",
role = c("aut", "cre"),
email = "greenwell.brandon@gmail.com")
as necessary.
Package CITATION file contains call(s) to old-style personList() or
as.personList(). Please use c() on person objects instead.
Package CITATION file contains call(s) to old-style citEntry(). Please
use bibentry() instead.
Flavors: r-devel-linux-x86_64-debian-clang, r-devel-linux-x86_64-debian-gcc