Last updated on 2025-05-06 03:51:05 CEST.
Flavor | Version | Tinstall | Tcheck | Ttotal | Status | Flags |
---|---|---|---|---|---|---|
r-devel-linux-x86_64-debian-clang | 0.3.4 | 10.22 | 70.00 | 80.22 | NOTE | |
r-devel-linux-x86_64-debian-gcc | 0.3.4 | 6.82 | 48.56 | 55.38 | NOTE | |
r-devel-linux-x86_64-fedora-clang | 0.3.4 | 120.59 | NOTE | |||
r-devel-linux-x86_64-fedora-gcc | 0.3.4 | 122.29 | NOTE | |||
r-devel-windows-x86_64 | 0.3.4 | 10.00 | 79.00 | 89.00 | NOTE | |
r-patched-linux-x86_64 | 0.3.4 | 10.90 | 65.28 | 76.18 | NOTE | |
r-release-linux-x86_64 | 0.3.4 | 9.82 | 65.28 | 75.10 | NOTE | |
r-release-macos-arm64 | 0.3.4 | 71.00 | NOTE | |||
r-release-macos-x86_64 | 0.3.4 | 71.00 | NOTE | |||
r-release-windows-x86_64 | 0.3.4 | 10.00 | 80.00 | 90.00 | NOTE | |
r-oldrel-macos-arm64 | 0.3.4 | 44.00 | NOTE | |||
r-oldrel-macos-x86_64 | 0.3.4 | 56.00 | NOTE | |||
r-oldrel-windows-x86_64 | 0.3.4 | 14.00 | 95.00 | 109.00 | NOTE |
Version: 0.3.4
Check: CRAN incoming feasibility
Result: NOTE
Maintainer: ‘John Wade <jjpwade2@illinois.edu>’
Found the following URLs which should use \doi (with the DOI name only):
File ‘f.influence.Rd’:
https://doi.org/10.1080/09535319200000013
Flavors: r-devel-linux-x86_64-debian-clang, r-devel-linux-x86_64-debian-gcc
Version: 0.3.4
Check: Rd files
Result: NOTE
checkRd: (-1) f.influence.Rd:25: Lost braces; missing escapes or markup?
25 | where F is the field of influence, k is order of influence, l_{ij} is the ith row and jth column element of the Leontief Inverse and -s indicates the sth element has been removed.
| ^
Flavors: r-devel-linux-x86_64-debian-clang, r-devel-linux-x86_64-debian-gcc, r-devel-linux-x86_64-fedora-clang, r-devel-linux-x86_64-fedora-gcc, r-devel-windows-x86_64, r-patched-linux-x86_64, r-release-linux-x86_64, r-release-macos-arm64, r-release-macos-x86_64, r-release-windows-x86_64, r-oldrel-macos-arm64, r-oldrel-macos-x86_64, r-oldrel-windows-x86_64