CRAN Package Check Results for Package ipADMIXTURE

Last updated on 2025-05-07 03:51:03 CEST.

Flavor Version Tinstall Tcheck Ttotal Status Flags
r-devel-linux-x86_64-debian-clang 0.1.0 7.42 63.65 71.07 NOTE
r-devel-linux-x86_64-debian-gcc 0.1.0 4.88 44.14 49.02 NOTE
r-devel-linux-x86_64-fedora-clang 0.1.2 107.56 OK
r-devel-linux-x86_64-fedora-gcc 0.1.2 134.27 OK
r-devel-windows-x86_64 0.1.0 9.00 72.00 81.00 OK
r-patched-linux-x86_64 0.1.0 6.23 56.39 62.62 OK
r-release-linux-x86_64 0.1.0 6.50 57.50 64.00 OK
r-release-macos-arm64 0.1.2 42.00 OK
r-release-macos-x86_64 0.1.2 77.00 OK
r-release-windows-x86_64 0.1.2 9.00 76.00 85.00 OK
r-oldrel-macos-arm64 0.1.2 44.00 OK
r-oldrel-macos-x86_64 0.1.2 85.00 OK
r-oldrel-windows-x86_64 0.1.0 12.00 88.00 100.00 OK

Check Details

Version: 0.1.0
Check: CRAN incoming feasibility
Result: NOTE Maintainer: ‘Chainarong Amornbunchornvej <grandca@gmail.com>’ Package CITATION file contains call(s) to old-style personList() or as.personList(). Please use c() on person objects instead. Package CITATION file contains call(s) to old-style citEntry(). Please use bibentry() instead. Flavors: r-devel-linux-x86_64-debian-clang, r-devel-linux-x86_64-debian-gcc