Last updated on 2025-05-04 03:50:56 CEST.
Flavor | Version | Tinstall | Tcheck | Ttotal | Status | Flags |
---|---|---|---|---|---|---|
r-devel-linux-x86_64-debian-clang | 1.1 | 5.95 | 62.03 | 67.98 | NOTE | |
r-devel-linux-x86_64-debian-gcc | 1.1 | 5.15 | 46.82 | 51.97 | NOTE | |
r-devel-linux-x86_64-fedora-clang | 1.1 | 105.46 | OK | |||
r-devel-linux-x86_64-fedora-gcc | 1.1 | 104.55 | OK | |||
r-devel-windows-x86_64 | 1.1 | 9.00 | 83.00 | 92.00 | OK | |
r-patched-linux-x86_64 | 1.1 | 6.96 | 59.89 | 66.85 | OK | |
r-release-linux-x86_64 | OK | |||||
r-release-macos-arm64 | 1.1 | 35.00 | OK | |||
r-release-macos-x86_64 | 1.1 | 73.00 | OK | |||
r-release-windows-x86_64 | 1.1 | 8.00 | 75.00 | 83.00 | OK | |
r-oldrel-macos-arm64 | 1.1 | 33.00 | OK | |||
r-oldrel-macos-x86_64 | 1.1 | 53.00 | OK | |||
r-oldrel-windows-x86_64 | 1.1 | 9.00 | 87.00 | 96.00 | OK |
Version: 1.1
Check: CRAN incoming feasibility
Result: NOTE
Maintainer: ‘Anne-Laure Boulesteix <boulesteix@ibe.med.uni-muenchen.de>’
No Authors@R field in DESCRIPTION.
Please add one, modifying
Authors@R: c(person(given = "Anne-Laure",
family = "Boulesteix",
role = c("aut", "cre"),
email = "boulesteix@ibe.med.uni-muenchen.de"),
person(given = "Mathias",
family = "Fuchs",
role = "aut"),
person(given = "Gerhard",
family = "Schulze",
role = "aut"))
as necessary.
Flavors: r-devel-linux-x86_64-debian-clang, r-devel-linux-x86_64-debian-gcc