Last updated on 2025-10-31 02:50:34 CET.
| Flavor | Version | Tinstall | Tcheck | Ttotal | Status | Flags | 
|---|---|---|---|---|---|---|
| r-devel-linux-x86_64-debian-clang | 1.1 | 7.32 | 64.64 | 71.96 | NOTE | |
| r-devel-linux-x86_64-debian-gcc | 1.1 | 4.89 | 47.81 | 52.70 | NOTE | |
| r-devel-linux-x86_64-fedora-clang | 1.1 | 26.00 | 85.64 | 111.64 | OK | |
| r-devel-linux-x86_64-fedora-gcc | 1.1 | 16.00 | 83.17 | 99.17 | OK | |
| r-devel-windows-x86_64 | 1.1 | 8.00 | 73.00 | 81.00 | OK | |
| r-patched-linux-x86_64 | 1.1 | 6.44 | 60.55 | 66.99 | OK | |
| r-release-linux-x86_64 | 1.1 | 6.52 | 61.78 | 68.30 | OK | |
| r-release-macos-arm64 | 1.1 | 4.00 | 31.00 | 35.00 | OK | |
| r-release-macos-x86_64 | 1.1 | 7.00 | 66.00 | 73.00 | OK | |
| r-release-windows-x86_64 | 1.1 | 8.00 | 75.00 | 83.00 | OK | |
| r-oldrel-macos-arm64 | 1.1 | 3.00 | 30.00 | 33.00 | OK | |
| r-oldrel-macos-x86_64 | 1.1 | 5.00 | 48.00 | 53.00 | OK | |
| r-oldrel-windows-x86_64 | 1.1 | 11.00 | 86.00 | 97.00 | OK | 
Version: 1.1
Check: CRAN incoming feasibility
Result: NOTE
  Maintainer: ‘Anne-Laure Boulesteix <boulesteix@ibe.med.uni-muenchen.de>’
  
  No Authors@R field in DESCRIPTION.
  Please add one, modifying
    Authors@R: c(person(given = "Anne-Laure",
                        family = "Boulesteix",
                        role = c("aut", "cre"),
                        email = "boulesteix@ibe.med.uni-muenchen.de"),
                 person(given = "Mathias",
                        family = "Fuchs",
                        role = "aut"),
                 person(given = "Gerhard",
                        family = "Schulze",
                        role = "aut"))
  as necessary.
Flavors: r-devel-linux-x86_64-debian-clang, r-devel-linux-x86_64-debian-gcc