Last updated on 2025-05-06 03:51:05 CEST.
Flavor | Version | Tinstall | Tcheck | Ttotal | Status | Flags |
---|---|---|---|---|---|---|
r-devel-linux-x86_64-debian-clang | 1.0.0 | 6.00 | 171.59 | 177.59 | OK | |
r-devel-linux-x86_64-debian-gcc | 1.0.0 | 4.34 | 124.66 | 129.00 | OK | |
r-devel-linux-x86_64-fedora-clang | 1.0.0 | 257.62 | OK | |||
r-devel-linux-x86_64-fedora-gcc | 1.0.0 | 263.48 | OK | |||
r-devel-windows-x86_64 | 1.0.0 | 8.00 | 129.00 | 137.00 | OK | |
r-patched-linux-x86_64 | 1.0.0 | 5.25 | 162.06 | 167.31 | OK | |
r-release-linux-x86_64 | 1.0.0 | 4.71 | 162.11 | 166.82 | OK | |
r-release-macos-arm64 | 1.0.0 | 81.00 | OK | |||
r-release-macos-x86_64 | 1.0.0 | 114.00 | OK | |||
r-release-windows-x86_64 | 1.0.0 | 8.00 | 130.00 | 138.00 | OK | |
r-oldrel-macos-arm64 | 1.0.0 | 61.00 | NOTE | |||
r-oldrel-macos-x86_64 | 1.0.0 | 96.00 | NOTE | |||
r-oldrel-windows-x86_64 | 1.0.0 | 10.00 | 165.00 | 175.00 | NOTE |
Version: 1.0.0
Check: installed package size
Result: NOTE
installed size is 5.6Mb
sub-directories of 1Mb or more:
doc 5.2Mb
Flavors: r-oldrel-macos-arm64, r-oldrel-macos-x86_64, r-oldrel-windows-x86_64