CRAN Package Check Results for Package irrCAC

Last updated on 2025-05-06 03:51:05 CEST.

Flavor Version Tinstall Tcheck Ttotal Status Flags
r-devel-linux-x86_64-debian-clang 1.0 4.34 38.21 42.55 NOTE
r-devel-linux-x86_64-debian-gcc 1.0 2.79 28.42 31.21 NOTE
r-devel-linux-x86_64-fedora-clang 1.0 66.15 NOTE
r-devel-linux-x86_64-fedora-gcc 1.0 81.44 NOTE
r-devel-windows-x86_64 1.0 5.00 67.00 72.00 NOTE
r-patched-linux-x86_64 1.0 3.85 36.83 40.68 NOTE
r-release-linux-x86_64 1.0 3.51 36.75 40.26 NOTE
r-release-macos-arm64 1.0 31.00 NOTE
r-release-macos-x86_64 1.0 65.00 NOTE
r-release-windows-x86_64 1.0 5.00 69.00 74.00 NOTE
r-oldrel-macos-arm64 1.0 34.00 NOTE
r-oldrel-macos-x86_64 1.0 42.00 NOTE
r-oldrel-windows-x86_64 1.0 6.00 77.00 83.00 NOTE

Check Details

Version: 1.0
Check: CRAN incoming feasibility
Result: NOTE Maintainer: ‘Kilem L. Gwet <gwet@agreestat.com>’ No Authors@R field in DESCRIPTION. Please add one, modifying Authors@R: c(person(given = c("Kilem", "L."), family = "Gwet", role = c("aut", "cre"), email = "gwet@agreestat.com"), person(family = "Ph.D.", role = "aut")) as necessary. Flavors: r-devel-linux-x86_64-debian-clang, r-devel-linux-x86_64-debian-gcc

Version: 1.0
Check: Rd files
Result: NOTE checkRd: (-1) bp.coeff.raw.Rd:5: Escaped LaTeX specials: \& checkRd: (-1) bp.coeff.raw.Rd:41: Escaped LaTeX specials: \& checkRd: (-1) bp.coeff.raw.Rd:53: Escaped LaTeX specials: \& checkRd: (-1) fleiss.kappa.raw.Rd:52: Escaped LaTeX specials: \& checkRd: (-1) landis.koch.bf.Rd:14: Escaped LaTeX specials: \& checkRd: (-1) landis.koch.bf.Rd:17: Escaped LaTeX specials: \& Flavors: r-devel-linux-x86_64-debian-clang, r-devel-linux-x86_64-debian-gcc, r-devel-linux-x86_64-fedora-clang, r-devel-linux-x86_64-fedora-gcc, r-devel-windows-x86_64, r-patched-linux-x86_64, r-release-linux-x86_64, r-release-macos-arm64, r-release-macos-x86_64, r-release-windows-x86_64, r-oldrel-macos-arm64, r-oldrel-macos-x86_64, r-oldrel-windows-x86_64