CRAN Package Check Results for Package isodistrreg

Last updated on 2025-05-07 03:51:03 CEST.

Flavor Version Tinstall Tcheck Ttotal Status Flags
r-devel-linux-x86_64-debian-clang 0.1.0 24.33 77.55 101.88 NOTE
r-devel-linux-x86_64-debian-gcc 0.1.0 16.63 56.87 73.50 NOTE
r-devel-linux-x86_64-fedora-clang 0.1.0 169.49 NOTE
r-devel-linux-x86_64-fedora-gcc 0.1.0 191.16 NOTE
r-devel-windows-x86_64 0.1.0 31.00 119.00 150.00 OK
r-patched-linux-x86_64 0.1.0 24.87 75.32 100.19 OK
r-release-linux-x86_64 0.1.0 25.22 75.26 100.48 OK
r-release-macos-arm64 0.1.0 62.00 OK
r-release-macos-x86_64 0.1.0 96.00 OK
r-release-windows-x86_64 0.1.0 31.00 116.00 147.00 OK
r-oldrel-macos-arm64 0.1.0 55.00 OK
r-oldrel-macos-x86_64 0.1.0 73.00 OK
r-oldrel-windows-x86_64 0.1.0 37.00 143.00 180.00 OK

Check Details

Version: 0.1.0
Check: CRAN incoming feasibility
Result: NOTE Maintainer: ‘Alexander Henzi <henzi.alexander@gmail.com>’ Package CITATION file contains call(s) to old-style citEntry(). Please use bibentry() instead. The Description field contains See Henzi, Ziegel, Gneiting (2020) <arXiv:1909.03725>. Please refer to arXiv e-prints via their arXiv DOI <doi:10.48550/arXiv.YYMM.NNNNN>. Flavors: r-devel-linux-x86_64-debian-clang, r-devel-linux-x86_64-debian-gcc

Version: 0.1.0
Check: dependencies in R code
Result: NOTE Namespace in Imports field not imported from: ‘Rcpp’ All declared Imports should be used. Flavors: r-devel-linux-x86_64-fedora-clang, r-devel-linux-x86_64-fedora-gcc